[INFO] cloning repository https://github.com/Kriptikz/evore-program
[INFO] running `Command { std: "git" "-c" "credential.helper=" "-c" "credential.helper=/workspace/cargo-home/bin/git-credential-null" "clone" "--bare" "https://github.com/Kriptikz/evore-program" "/workspace/cache/git-repos/https%3A%2F%2Fgithub.com%2FKriptikz%2Fevore-program", kill_on_drop: false }`
[INFO] [stderr] Cloning into bare repository '/workspace/cache/git-repos/https%3A%2F%2Fgithub.com%2FKriptikz%2Fevore-program'...
[INFO] running `Command { std: "git" "rev-parse" "HEAD", kill_on_drop: false }`
[INFO] [stdout] 9fd406ab886512c345e41ca212ac40a898209f80
[INFO] checking Kriptikz/evore-program against 40527f3e444fde1deb361751bdef9b9e11d1b971+rustflags=--cfg crater_hack --force-warn invalid-c-variadic-arguments for pr-162478
[INFO] running `Command { std: "git" "clone" "/workspace/cache/git-repos/https%3A%2F%2Fgithub.com%2FKriptikz%2Fevore-program" "/workspace/builds/worker-1-tc2/source", kill_on_drop: false }`
[INFO] [stderr] Cloning into '/workspace/builds/worker-1-tc2/source'...
[INFO] [stderr] done.
[INFO] removed /workspace/builds/worker-1-tc2/source/rust-toolchain.toml
[INFO] started tweaking git repo https://github.com/Kriptikz/evore-program
[INFO] finished tweaking git repo https://github.com/Kriptikz/evore-program
[INFO] tweaked toml for git repo https://github.com/Kriptikz/evore-program written to /workspace/builds/worker-1-tc2/source/Cargo.toml
[INFO] validating manifest of git repo https://github.com/Kriptikz/evore-program on toolchain 40527f3e444fde1deb361751bdef9b9e11d1b971
[INFO] running `Command { std: CARGO_HOME="/workspace/cargo-home" RUSTUP_HOME="/workspace/rustup-home" "/workspace/cargo-home/bin/cargo" "+40527f3e444fde1deb361751bdef9b9e11d1b971" "metadata" "--manifest-path" "Cargo.toml" "--no-deps", kill_on_drop: false }`
[INFO] crate git repo https://github.com/Kriptikz/evore-program already has a lockfile, it will not be regenerated
[INFO] running `Command { std: CARGO_HOME="/workspace/cargo-home" RUSTUP_HOME="/workspace/rustup-home" "/workspace/cargo-home/bin/cargo" "+40527f3e444fde1deb361751bdef9b9e11d1b971" "fetch" "--manifest-path" "Cargo.toml", kill_on_drop: false }`
[INFO] [stderr] warning: unused workspace dependency `bytemuck`
[INFO] [stderr]  --> Cargo.toml:6:1
[INFO] [stderr]   |
[INFO] [stderr] 6 | bytemuck = "1.14.3"
[INFO] [stderr]   | ^^^^^^^^
[INFO] [stderr]   |
[INFO] [stderr]   = note: `cargo::unused_workspace_dependencies` is set to `warn` by default
[INFO] [stderr] help: consider removing the workspace dependency `bytemuck`
[INFO] [stderr] warning: unused workspace dependency `bytemuck_derive`
[INFO] [stderr]  --> Cargo.toml:7:1
[INFO] [stderr]   |
[INFO] [stderr] 7 | bytemuck_derive = "1.7.0"
[INFO] [stderr]   | ^^^^^^^^^^^^^^^
[INFO] [stderr]   |
[INFO] [stderr] help: consider removing the workspace dependency `bytemuck_derive`
[INFO] [stderr] warning: unused workspace dependency `crossterm`
[INFO] [stderr]  --> Cargo.toml:8:1
[INFO] [stderr]   |
[INFO] [stderr] 8 | crossterm = "0.28"
[INFO] [stderr]   | ^^^^^^^^^
[INFO] [stderr]   |
[INFO] [stderr] help: consider removing the workspace dependency `crossterm`
[INFO] [stderr] warning: unused workspace dependency `dirs`
[INFO] [stderr]  --> Cargo.toml:9:1
[INFO] [stderr]   |
[INFO] [stderr] 9 | dirs = "5.0"
[INFO] [stderr]   | ^^^^
[INFO] [stderr]   |
[INFO] [stderr] help: consider removing the workspace dependency `dirs`
[INFO] [stderr] warning: unused workspace dependency `futures`
[INFO] [stderr]   --> Cargo.toml:11:1
[INFO] [stderr]    |
[INFO] [stderr] 11 | futures = "0.3"
[INFO] [stderr]    | ^^^^^^^
[INFO] [stderr]    |
[INFO] [stderr] help: consider removing the workspace dependency `futures`
[INFO] [stderr] warning: unused workspace dependency `num_enum`
[INFO] [stderr]   --> Cargo.toml:12:1
[INFO] [stderr]    |
[INFO] [stderr] 12 | num_enum = "0.7.2"
[INFO] [stderr]    | ^^^^^^^^
[INFO] [stderr]    |
[INFO] [stderr] help: consider removing the workspace dependency `num_enum`
[INFO] [stderr] warning: unused workspace dependency `ratatui`
[INFO] [stderr]   --> Cargo.toml:13:1
[INFO] [stderr]    |
[INFO] [stderr] 13 | ratatui = "0.29"
[INFO] [stderr]    | ^^^^^^^
[INFO] [stderr]    |
[INFO] [stderr] help: consider removing the workspace dependency `ratatui`
[INFO] [stderr] warning: unused workspace dependency `solana-program`
[INFO] [stderr]   --> Cargo.toml:17:1
[INFO] [stderr]    |
[INFO] [stderr] 17 | solana-program = "^2.1"
[INFO] [stderr]    | ^^^^^^^^^^^^^^
[INFO] [stderr]    |
[INFO] [stderr] help: consider removing the workspace dependency `solana-program`
[INFO] [stderr] warning: unused workspace dependency `solana-program-test`
[INFO] [stderr]   --> Cargo.toml:18:1
[INFO] [stderr]    |
[INFO] [stderr] 18 | solana-program-test = "^2.1"
[INFO] [stderr]    | ^^^^^^^^^^^^^^^^^^^
[INFO] [stderr]    |
[INFO] [stderr] help: consider removing the workspace dependency `solana-program-test`
[INFO] [stderr] warning: unused workspace dependency `spl-pod`
[INFO] [stderr]   --> Cargo.toml:20:1
[INFO] [stderr]    |
[INFO] [stderr] 20 | spl-pod = "=0.5.1"
[INFO] [stderr]    | ^^^^^^^
[INFO] [stderr]    |
[INFO] [stderr] help: consider removing the workspace dependency `spl-pod`
[INFO] [stderr] warning: unused workspace dependency `toml`
[INFO] [stderr]   --> Cargo.toml:22:1
[INFO] [stderr]    |
[INFO] [stderr] 22 | toml = "0.8"
[INFO] [stderr]    | ^^^^
[INFO] [stderr]    |
[INFO] [stderr] help: consider removing the workspace dependency `toml`
[INFO] [stderr] warning: unused field `license` in `workspace.package`
[INFO] [stderr]   --> Cargo.toml:53:1
[INFO] [stderr]    |
[INFO] [stderr] 53 | license = "MIT"
[INFO] [stderr]    | ^^^^^^^
[INFO] [stderr]    |
[INFO] [stderr]    = note: `cargo::unused_workspace_package_fields` is set to `warn` by default
[INFO] [stderr] help: consider removing the field `workspace.package.license`
[INFO] [stderr] warning: unused field `repository` in `workspace.package`
[INFO] [stderr]   --> Cargo.toml:54:1
[INFO] [stderr]    |
[INFO] [stderr] 54 | repository = "https://github.com/kriptikz/evore-program"
[INFO] [stderr]    | ^^^^^^^^^^
[INFO] [stderr]    |
[INFO] [stderr] help: consider removing the field `workspace.package.repository`
[INFO] [stderr] warning: workspace (manifest) generated 13 warnings
[INFO] running `Command { std: "docker" "create" "-v" "/var/lib/crater-agent-workspace/builds/worker-1-tc2/source:/opt/rustwide/workdir:ro,Z" "-v" "/var/lib/crater-agent-workspace/builds/worker-1-tc2/target:/opt/rustwide/target:rw,Z" "-v" "/var/lib/crater-agent-workspace/cargo-home:/opt/rustwide/cargo-home:ro,Z" "-v" "/var/lib/crater-agent-workspace/rustup-home:/opt/rustwide/rustup-home:ro,Z" "-m" "1610612736" "--network" "none" "ghcr.io/rust-lang/crates-build-env/linux@sha256:8683fc1fc2eb5c9ac98e0d076ab094b2ffac7f99da555d2b6a2e27f346de2ec7" "sleep" "infinity", kill_on_drop: false }`
[INFO] [stdout] 35e6fbaeed2af703e88136f8bac0e76e3fcfd1a99334c705328623b707ddb5a1
[INFO] running `Command { std: "docker" "start" "35e6fbaeed2af703e88136f8bac0e76e3fcfd1a99334c705328623b707ddb5a1", kill_on_drop: false }`
[INFO] running `Command { std: "docker" "inspect" "35e6fbaeed2af703e88136f8bac0e76e3fcfd1a99334c705328623b707ddb5a1", kill_on_drop: false }`
[INFO] running `Command { std: "docker" "exec" "-e" "SOURCE_DIR=/opt/rustwide/workdir" "-e" "CARGO_HOME=/opt/rustwide/cargo-home" "-e" "RUSTUP_HOME=/opt/rustwide/rustup-home" "-e" "CARGO_TARGET_DIR=/opt/rustwide/target" "-w" "/opt/rustwide/workdir" "--user" "0:0" "35e6fbaeed2af703e88136f8bac0e76e3fcfd1a99334c705328623b707ddb5a1" "/opt/rustwide/cargo-home/bin/cargo" "+40527f3e444fde1deb361751bdef9b9e11d1b971" "metadata" "--no-deps" "--format-version=1", kill_on_drop: false }`
[INFO] running `Command { std: "docker" "inspect" "35e6fbaeed2af703e88136f8bac0e76e3fcfd1a99334c705328623b707ddb5a1", kill_on_drop: false }`
[INFO] running `Command { std: "docker" "exec" "-e" "SOURCE_DIR=/opt/rustwide/workdir" "-e" "CARGO_HOME=/opt/rustwide/cargo-home" "-e" "RUSTUP_HOME=/opt/rustwide/rustup-home" "-e" "CARGO_TARGET_DIR=/opt/rustwide/target" "-e" "CARGO_INCREMENTAL=0" "-e" "RUST_BACKTRACE=full" "-e" "RUSTFLAGS=--cap-lints=forbid --cfg crater_hack --force-warn invalid-c-variadic-arguments" "-e" "RUSTDOCFLAGS=--cap-lints=forbid" "-w" "/opt/rustwide/workdir" "--user" "0:0" "35e6fbaeed2af703e88136f8bac0e76e3fcfd1a99334c705328623b707ddb5a1" "/opt/rustwide/cargo-home/bin/cargo" "+40527f3e444fde1deb361751bdef9b9e11d1b971" "check" "--frozen" "--all" "--all-targets" "--message-format=json", kill_on_drop: false }`
[INFO] [stderr] warning: unused workspace dependency `bytemuck`
[INFO] [stderr]  --> Cargo.toml:6:1
[INFO] [stderr]   |
[INFO] [stderr] 6 | bytemuck = "1.14.3"
[INFO] [stderr]   | ^^^^^^^^
[INFO] [stderr]   |
[INFO] [stderr]   = note: `cargo::unused_workspace_dependencies` is set to `warn` by default
[INFO] [stderr] help: consider removing the workspace dependency `bytemuck`
[INFO] [stderr] warning: unused workspace dependency `bytemuck_derive`
[INFO] [stderr]  --> Cargo.toml:7:1
[INFO] [stderr]   |
[INFO] [stderr] 7 | bytemuck_derive = "1.7.0"
[INFO] [stderr]   | ^^^^^^^^^^^^^^^
[INFO] [stderr]   |
[INFO] [stderr] help: consider removing the workspace dependency `bytemuck_derive`
[INFO] [stderr] warning: unused workspace dependency `crossterm`
[INFO] [stderr]  --> Cargo.toml:8:1
[INFO] [stderr]   |
[INFO] [stderr] 8 | crossterm = "0.28"
[INFO] [stderr]   | ^^^^^^^^^
[INFO] [stderr]   |
[INFO] [stderr] help: consider removing the workspace dependency `crossterm`
[INFO] [stderr] warning: unused workspace dependency `dirs`
[INFO] [stderr]  --> Cargo.toml:9:1
[INFO] [stderr]   |
[INFO] [stderr] 9 | dirs = "5.0"
[INFO] [stderr]   | ^^^^
[INFO] [stderr]   |
[INFO] [stderr] help: consider removing the workspace dependency `dirs`
[INFO] [stderr] warning: unused workspace dependency `futures`
[INFO] [stderr]   --> Cargo.toml:11:1
[INFO] [stderr]    |
[INFO] [stderr] 11 | futures = "0.3"
[INFO] [stderr]    | ^^^^^^^
[INFO] [stderr]    |
[INFO] [stderr] help: consider removing the workspace dependency `futures`
[INFO] [stderr] warning: unused workspace dependency `num_enum`
[INFO] [stderr]   --> Cargo.toml:12:1
[INFO] [stderr]    |
[INFO] [stderr] 12 | num_enum = "0.7.2"
[INFO] [stderr]    | ^^^^^^^^
[INFO] [stderr]    |
[INFO] [stderr] help: consider removing the workspace dependency `num_enum`
[INFO] [stderr] warning: unused workspace dependency `ratatui`
[INFO] [stderr]   --> Cargo.toml:13:1
[INFO] [stderr]    |
[INFO] [stderr] 13 | ratatui = "0.29"
[INFO] [stderr]    | ^^^^^^^
[INFO] [stderr]    |
[INFO] [stderr] help: consider removing the workspace dependency `ratatui`
[INFO] [stderr] warning: unused workspace dependency `solana-program`
[INFO] [stderr]   --> Cargo.toml:17:1
[INFO] [stderr]    |
[INFO] [stderr] 17 | solana-program = "^2.1"
[INFO] [stderr]    | ^^^^^^^^^^^^^^
[INFO] [stderr]    |
[INFO] [stderr] help: consider removing the workspace dependency `solana-program`
[INFO] [stderr] warning: unused workspace dependency `solana-program-test`
[INFO] [stderr]   --> Cargo.toml:18:1
[INFO] [stderr]    |
[INFO] [stderr] 18 | solana-program-test = "^2.1"
[INFO] [stderr]    | ^^^^^^^^^^^^^^^^^^^
[INFO] [stderr]    |
[INFO] [stderr] help: consider removing the workspace dependency `solana-program-test`
[INFO] [stderr] warning: unused workspace dependency `spl-pod`
[INFO] [stderr]   --> Cargo.toml:20:1
[INFO] [stderr]    |
[INFO] [stderr] 20 | spl-pod = "=0.5.1"
[INFO] [stderr]    | ^^^^^^^
[INFO] [stderr]    |
[INFO] [stderr] help: consider removing the workspace dependency `spl-pod`
[INFO] [stderr] warning: unused workspace dependency `toml`
[INFO] [stderr]   --> Cargo.toml:22:1
[INFO] [stderr]    |
[INFO] [stderr] 22 | toml = "0.8"
[INFO] [stderr]    | ^^^^
[INFO] [stderr]    |
[INFO] [stderr] help: consider removing the workspace dependency `toml`
[INFO] [stderr] warning: unused field `license` in `workspace.package`
[INFO] [stderr]   --> Cargo.toml:53:1
[INFO] [stderr]    |
[INFO] [stderr] 53 | license = "MIT"
[INFO] [stderr]    | ^^^^^^^
[INFO] [stderr]    |
[INFO] [stderr]    = note: `cargo::unused_workspace_package_fields` is set to `warn` by default
[INFO] [stderr] help: consider removing the field `workspace.package.license`
[INFO] [stderr] warning: unused field `repository` in `workspace.package`
[INFO] [stderr]   --> Cargo.toml:54:1
[INFO] [stderr]    |
[INFO] [stderr] 54 | repository = "https://github.com/kriptikz/evore-program"
[INFO] [stderr]    | ^^^^^^^^^^
[INFO] [stderr]    |
[INFO] [stderr] help: consider removing the field `workspace.package.repository`
[INFO] [stderr] warning: workspace (manifest) generated 13 warnings
[INFO] [stderr]    Compiling libc v0.2.178
[INFO] [stderr]    Compiling serde_core v1.0.228
[INFO] [stderr]    Compiling typenum v1.19.0
[INFO] [stderr]    Compiling syn v2.0.111
[INFO] [stderr]    Compiling zerocopy v0.8.31
[INFO] [stderr]     Checking memchr v2.7.6
[INFO] [stderr]    Compiling syn v1.0.109
[INFO] [stderr]    Compiling toml_parser v1.0.4
[INFO] [stderr]    Compiling borsh v1.6.0
[INFO] [stderr]    Compiling toml_edit v0.23.7
[INFO] [stderr]    Compiling semver v1.0.27
[INFO] [stderr]    Compiling rustc_version v0.4.1
[INFO] [stderr]    Compiling curve25519-dalek v4.1.3
[INFO] [stderr]    Compiling proc-macro-crate v3.4.0
[INFO] [stderr]     Checking generic-array v0.14.7
[INFO] [stderr]     Checking getrandom v0.2.16
[INFO] [stderr]     Checking getrandom v0.3.4
[INFO] [stderr]     Checking solana-decode-error v2.3.0
[INFO] [stderr]    Compiling serde_json v1.0.145
[INFO] [stderr]     Checking rand_core v0.6.4
[INFO] [stderr]     Checking block-buffer v0.10.4
[INFO] [stderr]     Checking digest v0.9.0
[INFO] [stderr]     Checking getrandom v0.1.16
[INFO] [stderr]     Checking crypto-common v0.1.7
[INFO] [stderr]     Checking block-buffer v0.9.0
[INFO] [stderr]     Checking digest v0.10.7
[INFO] [stderr]     Checking rand_core v0.5.1
[INFO] [stderr]     Checking sha2 v0.9.9
[INFO] [stderr]    Compiling bs58 v0.5.1
[INFO] [stderr]     Checking sha2 v0.10.9
[INFO] [stderr]     Checking bitflags v2.10.0
[INFO] [stderr]     Checking solana-program-memory v2.3.1
[INFO] [stderr]     Checking sha3 v0.10.8
[INFO] [stderr]     Checking signal-hook-registry v1.4.7
[INFO] [stderr]     Checking parking_lot_core v0.9.12
[INFO] [stderr]     Checking socket2 v0.6.1
[INFO] [stderr]     Checking parking_lot v0.12.5
[INFO] [stderr]     Checking serde_bytes v0.11.19
[INFO] [stderr]     Checking hmac v0.12.1
[INFO] [stderr]     Checking mio v1.1.1
[INFO] [stderr]     Checking solana-derivation-path v2.2.1
[INFO] [stderr]     Checking pbkdf2 v0.11.0
[INFO] [stderr]     Checking solana-seed-phrase v2.2.1
[INFO] [stderr]     Checking futures-channel v0.3.31
[INFO] [stderr]     Checking solana-seed-derivable v2.2.1
[INFO] [stderr]    Compiling icu_properties_data v2.1.1
[INFO] [stderr]     Checking crypto-mac v0.8.0
[INFO] [stderr]     Checking hmac v0.8.1
[INFO] [stderr]     Checking libsecp256k1-core v0.2.2
[INFO] [stderr]     Checking tracing-core v0.1.35
[INFO] [stderr]    Compiling jobserver v0.1.34
[INFO] [stderr]     Checking hmac-drbg v0.3.0
[INFO] [stderr]     Checking litemap v0.8.1
[INFO] [stderr]     Checking writeable v0.6.2
[INFO] [stderr]     Checking solana-precompile-error v2.2.2
[INFO] [stderr]    Compiling rustls v0.23.35
[INFO] [stderr]    Compiling cc v1.2.48
[INFO] [stderr]    Compiling openssl v0.10.75
[INFO] [stderr]     Checking alloc-stdlib v0.2.2
[INFO] [stderr]     Checking simd-adler32 v0.3.7
[INFO] [stderr]     Checking brotli-decompressor v5.0.0
[INFO] [stderr]     Checking miniz_oxide v0.8.9
[INFO] [stderr]     Checking ipnet v2.11.0
[INFO] [stderr]     Checking sync_wrapper v1.0.2
[INFO] [stderr]     Checking inout v0.1.4
[INFO] [stderr]     Checking compression-core v0.4.31
[INFO] [stderr]     Checking solana-native-token v2.3.0
[INFO] [stderr]     Checking cipher v0.4.4
[INFO] [stderr]     Checking iri-string v0.7.9
[INFO] [stderr]     Checking flate2 v1.1.5
[INFO] [stderr]     Checking universal-hash v0.5.1
[INFO] [stderr]     Checking polyval v0.6.2
[INFO] [stderr]     Checking aes v0.8.4
[INFO] [stderr]    Compiling synstructure v0.13.2
[INFO] [stderr]     Checking brotli v8.0.2
[INFO] [stderr]    Compiling borsh-schema-derive-internal v0.10.4
[INFO] [stderr]    Compiling borsh-derive-internal v0.10.4
[INFO] [stderr]    Compiling openssl-src v300.5.4+3.5.4
[INFO] [stderr]    Compiling libsecp256k1-gen-ecmult v0.2.1
[INFO] [stderr]    Compiling blake3 v1.8.2
[INFO] [stderr]    Compiling libsecp256k1-gen-genmult v0.2.1
[INFO] [stderr]    Compiling ring v0.17.14
[INFO] [stderr]    Compiling openssl-sys v0.9.111
[INFO] [stderr]    Compiling libsecp256k1 v0.6.0
[INFO] [stderr]     Checking ctr v0.9.2
[INFO] [stderr]     Checking aead v0.5.2
[INFO] [stderr]    Compiling serde_derive v1.0.228
[INFO] [stderr]    Compiling zerocopy-derive v0.8.31
[INFO] [stderr]    Compiling zeroize_derive v1.4.2
[INFO] [stderr]    Compiling bytemuck_derive v1.10.2
[INFO] [stderr]     Checking zeroize v1.8.2
[INFO] [stderr]    Compiling borsh-derive v1.6.0
[INFO] [stderr]    Compiling curve25519-dalek-derive v0.1.1
[INFO] [stderr]    Compiling thiserror-impl v2.0.17
[INFO] [stderr]     Checking bytemuck v1.24.0
[INFO] [stderr]    Compiling solana-sdk-macro v2.2.1
[INFO] [stderr]     Checking curve25519-dalek v3.2.0
[INFO] [stderr]    Compiling zerofrom-derive v0.1.6
[INFO] [stderr]     Checking thiserror v2.0.17
[INFO] [stderr]    Compiling yoke-derive v0.8.1
[INFO] [stderr]    Compiling displaydoc v0.2.5
[INFO] [stderr]    Compiling zerovec-derive v0.11.2
[INFO] [stderr]    Compiling tokio-macros v2.6.0
[INFO] [stderr]    Compiling thiserror-impl v1.0.69
[INFO] [stderr]    Compiling futures-macro v0.3.31
[INFO] [stderr]     Checking serde v1.0.228
[INFO] [stderr]    Compiling tracing-attributes v0.1.31
[INFO] [stderr]     Checking ppv-lite86 v0.2.21
[INFO] [stderr]     Checking ahash v0.8.12
[INFO] [stderr]    Compiling toml v0.5.11
[INFO] [stderr]     Checking futures-util v0.3.31
[INFO] [stderr]     Checking solana-hash v2.3.0
[INFO] [stderr]     Checking solana-sha256-hasher v2.3.0
[INFO] [stderr]     Checking rand_chacha v0.3.1
[INFO] [stderr]     Checking hashbrown v0.13.2
[INFO] [stderr]     Checking bincode v1.3.3
[INFO] [stderr]     Checking rand v0.8.5
[INFO] [stderr]     Checking rand_chacha v0.2.2
[INFO] [stderr]     Checking serde-big-array v0.5.1
[INFO] [stderr]     Checking rand v0.7.3
[INFO] [stderr]     Checking either v1.15.0
[INFO] [stderr]     Checking bytes v1.11.0
[INFO] [stderr]    Compiling proc-macro-crate v0.1.5
[INFO] [stderr]     Checking bv v0.11.1
[INFO] [stderr]     Checking solana-short-vec v2.2.1
[INFO] [stderr]     Checking solana-fee-calculator v2.2.1
[INFO] [stderr]     Checking itertools v0.12.1
[INFO] [stderr]    Compiling borsh-derive v0.10.4
[INFO] [stderr]     Checking zerofrom v0.1.6
[INFO] [stderr]    Compiling num-derive v0.4.2
[INFO] [stderr]     Checking borsh v0.10.4
[INFO] [stderr]     Checking ed25519-dalek v1.0.1
[INFO] [stderr]     Checking tokio v1.48.0
[INFO] [stderr]     Checking solana-signature v2.3.0
[INFO] [stderr]     Checking yoke v0.8.1
[INFO] [stderr]     Checking zerovec v0.11.5
[INFO] [stderr]     Checking solana-pubkey v2.4.0
[INFO] [stderr]     Checking tracing v0.1.43
[INFO] [stderr]     Checking solana-instruction v2.3.3
[INFO] [stderr]     Checking solana-sdk-ids v2.2.1
[INFO] [stderr]     Checking solana-transaction-error v2.2.1
[INFO] [stderr]     Checking solana-sysvar-id v2.2.1
[INFO] [stderr]     Checking solana-program-error v2.2.2
[INFO] [stderr]     Checking solana-system-interface v1.0.0
[INFO] [stderr]     Checking solana-epoch-schedule v2.2.1
[INFO] [stderr]     Checking solana-account-info v2.3.0
[INFO] [stderr]     Checking solana-signer v2.2.1
[INFO] [stderr]     Checking solana-clock v2.2.2
[INFO] [stderr]     Checking solana-serialize-utils v2.2.1
[INFO] [stderr]     Checking solana-cpi v2.2.1
[INFO] [stderr]     Checking solana-slot-hashes v2.2.1
[INFO] [stderr]     Checking solana-instructions-sysvar v2.2.2
[INFO] [stderr]     Checking solana-program-entrypoint v2.3.0
[INFO] [stderr]     Checking solana-rent v2.2.1
[INFO] [stderr]     Checking solana-bincode v2.2.1
[INFO] [stderr]     Checking solana-stake-interface v1.2.1
[INFO] [stderr]     Checking solana-message v2.4.0
[INFO] [stderr]     Checking solana-epoch-rewards v2.2.1
[INFO] [stderr]     Checking solana-last-restart-slot v2.2.1
[INFO] [stderr]     Checking solana-slot-history v2.2.1
[INFO] [stderr]     Checking tinystr v0.8.2
[INFO] [stderr]     Checking thiserror v1.0.69
[INFO] [stderr]     Checking potential_utf v0.1.4
[INFO] [stderr]     Checking icu_locale_core v2.1.1
[INFO] [stderr]     Checking zerotrie v0.2.3
[INFO] [stderr]     Checking icu_collections v2.1.1
[INFO] [stderr]     Checking rustls-pki-types v1.13.1
[INFO] [stderr]     Checking solana-sysvar v2.3.0
[INFO] [stderr]     Checking http v1.4.0
[INFO] [stderr]     Checking solana-account v2.2.1
[INFO] [stderr]     Checking rustls-webpki v0.103.8
[INFO] [stderr]    Compiling openssl-macros v0.1.1
[INFO] [stderr]     Checking serde_urlencoded v0.7.1
[INFO] [stderr]     Checking solana-serde-varint v2.2.2
[INFO] [stderr]     Checking icu_provider v2.1.1
[INFO] [stderr]     Checking solana-feature-set v2.2.5
[INFO] [stderr]     Checking webpki-roots v1.0.4
[INFO] [stderr]     Checking compression-codecs v0.4.33
[INFO] [stderr]     Checking icu_properties v2.1.1
[INFO] [stderr]     Checking icu_normalizer v2.1.1
[INFO] [stderr]     Checking http-body v1.0.1
[INFO] [stderr]     Checking http-body-util v0.1.3
[INFO] [stderr]     Checking solana-transaction-context v2.3.11
[INFO] [stderr]     Checking solana-stable-layout v2.2.1
[INFO] [stderr]     Checking solana-cluster-type v2.2.1
[INFO] [stderr]     Checking solana-time-utils v2.2.1
[INFO] [stderr]     Checking solana-ed25519-program v2.2.3
[INFO] [stderr]     Checking aes-gcm-siv v0.11.1
[INFO] [stderr]     Checking merlin v3.0.0
[INFO] [stderr]     Checking solana-svm-feature-set v2.3.11
[INFO] [stderr]     Checking solana-vote-interface v2.2.6
[INFO] [stderr]    Compiling num-traits v0.2.19
[INFO] [stderr]     Checking solana-zk-sdk v2.3.11
[INFO] [stderr]     Checking idna_adapter v1.2.1
[INFO] [stderr]     Checking solana-secp256k1-program v2.2.3
[INFO] [stderr]     Checking idna v1.1.0
[INFO] [stderr]     Checking solana-feature-gate-interface v2.2.2
[INFO] [stderr]     Checking solana-nonce v2.2.1
[INFO] [stderr]     Checking gethostname v0.2.3
[INFO] [stderr]    Compiling darling_core v0.21.3
[INFO] [stderr]     Checking ed25519-dalek-bip32 v0.2.0
[INFO] [stderr]     Checking url v2.5.7
[INFO] [stderr]     Checking solana-keypair v2.2.3
[INFO] [stderr]     Checking solana-program-pack v2.2.1
[INFO] [stderr]     Checking solana-keccak-hasher v2.2.1
[INFO] [stderr]     Checking aho-corasick v1.1.4
[INFO] [stderr]     Checking solana-measure v2.3.11
[INFO] [stderr]     Checking tokio-util v0.7.17
[INFO] [stderr]     Checking hyper v1.8.1
[INFO] [stderr]     Checking tower v0.5.2
[INFO] [stderr]     Checking async-compression v0.4.34
[INFO] [stderr]     Checking solana-secp256k1-recover v2.2.1
[INFO] [stderr]     Checking tower-http v0.6.7
[INFO] [stderr]     Checking solana-loader-v3-interface v5.0.0
[INFO] [stderr]     Checking solana-loader-v4-interface v2.2.1
[INFO] [stderr]     Checking hyper-util v0.1.19
[INFO] [stderr]     Checking regex-automata v0.4.13
[INFO] [stderr]     Checking solana-borsh v2.2.1
[INFO] [stderr]     Checking solana-blake3-hasher v2.2.1
[INFO] [stderr]     Checking solana-big-mod-exp v2.2.1
[INFO] [stderr]    Compiling num-integer v0.1.46
[INFO] [stderr]     Checking solana-address-lookup-table-interface v2.2.2
[INFO] [stderr]    Compiling num-bigint v0.4.6
[INFO] [stderr]     Checking agave-feature-set v2.3.11
[INFO] [stderr]     Checking solana-curve25519 v2.3.11
[INFO] [stderr]     Checking tokio-rustls v0.26.4
[INFO] [stderr]    Compiling cfg_eval v0.1.2
[INFO] [stderr]     Checking solana-example-mocks v2.2.1
[INFO] [stderr]     Checking solana-loader-v2-interface v2.2.1
[INFO] [stderr]     Checking solana-inflation v2.2.1
[INFO] [stderr]     Checking solana-program v2.3.0
[INFO] [stderr]     Checking solana-fee-structure v2.3.0
[INFO] [stderr]     Checking futures-executor v0.3.31
[INFO] [stderr]     Checking itertools v0.10.5
[INFO] [stderr]     Checking ark-std v0.4.0
[INFO] [stderr]    Compiling ark-serialize-derive v0.4.2
[INFO] [stderr]    Compiling zstd-sys v2.0.16+zstd.1.5.7
[INFO] [stderr]     Checking ark-serialize v0.4.2
[INFO] [stderr]     Checking spl-pod v0.5.1
[INFO] [stderr]     Checking hyper-rustls v0.27.7
[INFO] [stderr]    Compiling derivative v2.2.0
[INFO] [stderr]     Checking reqwest v0.12.24
[INFO] [stderr]    Compiling ark-ff-macros v0.4.2
[INFO] [stderr]    Compiling darling_macro v0.21.3
[INFO] [stderr]    Compiling darling v0.21.3
[INFO] [stderr]    Compiling serde_with_macros v3.16.1
[INFO] [stderr]    Compiling ark-ff-asm v0.4.2
[INFO] [stderr]     Checking solana-metrics v2.3.11
[INFO] [stderr]    Compiling enum-iterator-derive v1.5.0
[INFO] [stderr]     Checking indexmap v2.12.1
[INFO] [stderr]     Checking combine v3.8.1
[INFO] [stderr]     Checking regex v1.12.2
[INFO] [stderr]     Checking serde_with v3.16.1
[INFO] [stderr]     Checking hash32 v0.3.1
[INFO] [stderr]     Checking enum-iterator v1.5.0
[INFO] [stderr]    Compiling zstd-safe v7.2.4
[INFO] [stderr]     Checking ark-ff v0.4.2
[INFO] [stderr]     Checking rustc-demangle v0.1.26
[INFO] [stderr]    Compiling anyhow v1.0.100
[INFO] [stderr]    Compiling spl-discriminator-syn v0.2.1
[INFO] [stderr]     Checking solana-svm-callback v2.3.11
[INFO] [stderr]     Checking solana-type-overrides v2.3.11
[INFO] [stderr]     Checking solana-commitment-config v2.2.1
[INFO] [stderr]     Checking solana-reward-info v2.2.1
[INFO] [stderr]    Compiling async-trait v0.1.89
[INFO] [stderr]    Compiling num_enum_derive v0.7.5
[INFO] [stderr]     Checking solana-packet v2.2.1
[INFO] [stderr]     Checking solana-log-collector v2.3.11
[INFO] [stderr]     Checking atty v0.2.14
[INFO] [stderr]     Checking env_logger v0.9.3
[INFO] [stderr]     Checking chrono v0.4.42
[INFO] [stderr]     Checking num_enum v0.7.5
[INFO] [stderr]     Checking rayon v1.11.0
[INFO] [stderr]     Checking solana-timings v2.3.11
[INFO] [stderr]    Compiling spl-discriminator-derive v0.2.0
[INFO] [stderr]     Checking signal-hook v0.3.18
[INFO] [stderr]     Checking futures v0.3.31
[INFO] [stderr]     Checking solana-hard-forks v2.2.1
[INFO] [stderr]     Checking solana-logger v2.3.1
[INFO] [stderr]     Checking solana-shred-version v2.2.1
[INFO] [stderr]     Checking spl-discriminator v0.4.1
[INFO] [stderr]     Checking spl-generic-token v1.0.1
[INFO] [stderr]     Checking solana-poh-config v2.2.1
[INFO] [stderr]     Checking memmap2 v0.5.10
[INFO] [stderr]    Compiling portable-atomic v1.11.1
[INFO] [stderr]    Compiling solana-version v2.3.11
[INFO] [stderr]     Checking solana-genesis-config v2.3.0
[INFO] [stderr]     Checking concurrent-queue v2.5.0
[INFO] [stderr]    Compiling nix v0.30.1
[INFO] [stderr]    Compiling time-core v0.1.6
[INFO] [stderr]     Checking solana-define-syscall v2.3.0
[INFO] [stderr]    Compiling synstructure v0.12.6
[INFO] [stderr]    Compiling time-macros v0.2.24
[INFO] [stderr]     Checking deranged v0.5.5
[INFO] [stderr]     Checking nom v7.1.3
[INFO] [stderr]     Checking http v0.2.12
[INFO] [stderr]     Checking solana-sbpf v0.11.1
[INFO] [stderr]     Checking data-encoding v2.9.0
[INFO] [stderr]     Checking time v0.3.44
[INFO] [stderr]    Compiling asn1-rs-derive v0.4.0
[INFO] [stderr]     Checking ark-poly v0.4.2
[INFO] [stderr]     Checking solana-nonce-account v2.2.1
[INFO] [stderr]     Checking rusticata-macros v4.1.0
[INFO] [stderr]     Checking kaigan v0.2.6
[INFO] [stderr]    Compiling asn1-rs-impl v0.1.0
[INFO] [stderr]     Checking rand_core v0.9.3
[INFO] [stderr]     Checking num_cpus v1.17.0
[INFO] [stderr]     Checking socket2 v0.5.10
[INFO] [stderr]     Checking hashbrown v0.15.2
[INFO] [stderr]     Checking ark-ec v0.4.2
[INFO] [stderr]     Checking solana-rayon-threadlimit v2.3.11
[INFO] [stderr]     Checking rand_chacha v0.9.0
[INFO] [stderr]     Checking solana-config-program-client v0.0.2
[INFO] [stderr]     Checking asn1-rs v0.5.2
[INFO] [stderr]     Checking rustls-webpki v0.101.7
[INFO] [stderr]     Checking solana-serde v2.2.1
[INFO] [stderr]     Checking solana-program-runtime v2.3.11
[INFO] [stderr]     Checking solana-epoch-info v2.2.1
[INFO] [stderr]    Compiling dlopen2_derive v0.3.0
[INFO] [stderr]     Checking hashbrown v0.14.5
[INFO] [stderr]    Compiling solana-perf v2.3.11
[INFO] [stderr]    Compiling rustls v0.21.12
[INFO] [stderr]     Checking dlopen2 v0.5.0
[INFO] [stderr]     Checking rand v0.9.2
[INFO] [stderr]     Checking rustls-native-certs v0.8.2
[INFO] [stderr]     Checking jsonrpc-core v18.0.0
[INFO] [stderr]     Checking reqwest-middleware v0.4.2
[INFO] [stderr]     Checking sct v0.7.1
[INFO] [stderr]     Checking dashmap v5.5.3
[INFO] [stderr]    Compiling qualifier_attr v0.2.2
[INFO] [stderr]     Checking caps v0.5.6
[INFO] [stderr]     Checking ark-bn254 v0.4.0
[INFO] [stderr]    Compiling quinn-udp v0.5.14
[INFO] [stderr]     Checking event-listener v5.4.1
[INFO] [stderr]     Checking console v0.15.11
[INFO] [stderr]     Checking fastbloom v0.14.0
[INFO] [stderr]     Checking der-parser v8.2.0
[INFO] [stderr]     Checking oid-registry v0.6.1
[INFO] [stderr]     Checking solana-bn254 v2.2.2
[INFO] [stderr]     Checking light-poseidon v0.2.0
[INFO] [stderr]     Checking rustls-platform-verifier v0.6.2
[INFO] [stderr]     Checking tokio-stream v0.1.17
[INFO] [stderr]     Checking solana-quic-definitions v2.3.1
[INFO] [stderr]     Checking raw-cpuid v11.6.0
[INFO] [stderr]    Compiling quinn v0.11.9
[INFO] [stderr]     Checking rustc-hash v2.1.1
[INFO] [stderr]     Checking lru-slab v0.1.2
[INFO] [stderr]     Checking indicatif v0.17.11
[INFO] [stderr]     Checking quinn-proto v0.11.13
[INFO] [stderr]     Checking x509-parser v0.14.0
[INFO] [stderr]     Checking solana-poseidon v2.3.11
[INFO] [stderr]     Checking webpki-roots v0.24.0
[INFO] [stderr]     Checking solana-bpf-loader-program v2.3.11
[INFO] [stderr]     Checking solana-net-utils v2.3.11
[INFO] [stderr]     Checking solana-connection-cache v2.3.11
[INFO] [stderr]     Checking solana-compute-budget-interface v2.2.2
[INFO] [stderr]     Checking spinning_top v0.3.0
[INFO] [stderr]     Checking sha1 v0.10.6
[INFO] [stderr]     Checking nonzero_ext v0.3.0
[INFO] [stderr]     Checking futures-timer v3.0.3
[INFO] [stderr]     Checking no-std-compat v0.4.1
[INFO] [stderr]     Checking async-channel v1.9.0
[INFO] [stderr]     Checking solana-tls-utils v2.3.11
[INFO] [stderr]     Checking solana-transaction-metrics-tracker v2.3.11
[INFO] [stderr]     Checking quanta v0.12.6
[INFO] [stderr]     Checking tokio-rustls v0.24.1
[INFO] [stderr]     Checking tungstenite v0.20.1
[INFO] [stderr]     Checking solana-system-program v2.3.11
[INFO] [stderr]     Checking governor v0.6.3
[INFO] [stderr]     Checking solana-compute-budget-program v2.3.11
[INFO] [stderr]     Checking solana-loader-v4-program v2.3.11
[INFO] [stderr]     Checking solana-stake-program v2.3.11
[INFO] [stderr]     Checking solana-rent-collector v2.3.0
[INFO] [stderr]     Checking spl-type-length-value v0.7.0
[INFO] [stderr]    Compiling spl-program-error-derive v0.4.1
[INFO] [stderr]     Checking histogram v0.6.9
[INFO] [stderr]     Checking rustix v1.1.2
[INFO] [stderr]     Checking solana-security-txt v1.1.2
[INFO] [stderr]     Checking matchers v0.2.0
[INFO] [stderr]     Checking spl-memo v6.0.0
[INFO] [stderr]    Compiling pin-project-internal v1.1.10
[INFO] [stderr]     Checking tracing-log v0.2.0
[INFO] [stderr]     Checking spl-program-error v0.6.0
[INFO] [stderr]     Checking tokio-tungstenite v0.20.1
[INFO] [stderr]     Checking spl-tlv-account-resolution v0.9.0
[INFO] [stderr]     Checking tracing-subscriber v0.3.22
[INFO] [stderr]     Checking zstd v0.13.3
[INFO] [stderr]     Checking event-listener-strategy v0.5.4
[INFO] [stderr]     Checking solana-compute-budget v2.3.11
[INFO] [stderr]     Checking solana-rent-debits v2.2.1
[INFO] [stderr]     Checking solana-account-decoder-client-types v2.3.11
[INFO] [stderr]     Checking spl-token-confidential-transfer-proof-extraction v0.2.1
[INFO] [stderr]    Compiling lz4-sys v1.11.1+lz4-1.10.0
[INFO] [stderr]    Compiling bzip2-sys v0.1.13+1.0.8
[INFO] [stderr]    Compiling io-uring v0.7.11
[INFO] [stderr]     Checking solana-epoch-rewards-hasher v2.2.1
[INFO] [stderr]     Checking spl-elgamal-registry v0.1.1
[INFO] [stderr]     Checking async-lock v3.4.1
[INFO] [stderr]     Checking pin-project v1.1.10
[INFO] [stderr]     Checking spl-transfer-hook-interface v0.9.0
[INFO] [stderr]     Checking spl-token-metadata-interface v0.6.0
[INFO] [stderr]     Checking spl-token-group-interface v0.5.0
[INFO] [stderr]     Checking spl-token v7.0.0
[INFO] [stderr]    Compiling enum-ordinalize v3.1.15
[INFO] [stderr]     Checking spl-token-confidential-transfer-ciphertext-arithmetic v0.2.1
[INFO] [stderr]    Compiling modular-bitfield-impl v0.11.2
[INFO] [stderr]    Compiling az v1.2.1
[INFO] [stderr]     Checking predicates-core v1.0.9
[INFO] [stderr]     Checking solana-streamer v2.3.11
[INFO] [stderr]     Checking tempfile v3.23.0
[INFO] [stderr]    Compiling educe v0.4.23
[INFO] [stderr]     Checking xattr v1.6.1
[INFO] [stderr]     Checking opentelemetry v0.17.0
[INFO] [stderr]     Checking ahash v0.7.8
[INFO] [stderr]     Checking solana-zk-token-sdk v2.3.11
[INFO] [stderr]     Checking solana-udp-client v2.3.11
[INFO] [stderr]     Checking spl-token-confidential-transfer-proof-generation v0.2.0
[INFO] [stderr]     Checking memmap2 v0.9.9
[INFO] [stderr]     Checking filetime v0.2.26
[INFO] [stderr]     Checking bitmaps v2.1.0
[INFO] [stderr]     Checking modular-bitfield v0.11.2
[INFO] [stderr]     Checking float-cmp v0.9.0
[INFO] [stderr]    Compiling include_dir_macros v0.7.4
[INFO] [stderr]    Compiling proc-macro-error-attr2 v2.0.0
[INFO] [stderr]    Compiling fixed v1.28.0
[INFO] [stderr]     Checking predicates v2.1.5
[INFO] [stderr]    Compiling proc-macro-error2 v2.0.1
[INFO] [stderr]    Compiling include_dir v0.7.4
[INFO] [stderr]    Compiling strum_macros v0.24.3
[INFO] [stderr]     Checking solana-bucket-map v2.3.11
[INFO] [stderr]     Checking predicates-tree v1.0.12
[INFO] [stderr]     Checking agave-io-uring v2.3.11
[INFO] [stderr]     Checking tar v0.4.44
[INFO] [stderr]     Checking spl-token-2022 v6.0.0
[INFO] [stderr]     Checking solana-zk-token-proof-program v2.3.11
[INFO] [stderr]     Checking sized-chunks v0.6.5
[INFO] [stderr]     Checking tokio-serde v0.8.0
[INFO] [stderr]     Checking tracing-opentelemetry v0.17.4
[INFO] [stderr]     Checking hashbrown v0.12.3
[INFO] [stderr]     Checking bzip2 v0.4.4
[INFO] [stderr]     Checking solana-svm-rent-collector v2.3.11
[INFO] [stderr]     Checking solana-zk-elgamal-proof-program v2.3.11
[INFO] [stderr]     Checking spl-token-confidential-transfer-proof-generation v0.3.0
[INFO] [stderr]     Checking tokio-util v0.6.10
[INFO] [stderr]     Checking spl-associated-token-account-client v2.0.0
[INFO] [stderr]     Checking half v2.7.1
[INFO] [stderr]     Checking solana-lattice-hash v2.3.11
[INFO] [stderr]    Compiling tarpc-plugins v0.12.0
[INFO] [stderr]    Compiling mockall_derive v0.11.4
[INFO] [stderr]     Checking seqlock v0.2.0
[INFO] [stderr]     Checking rand_xoshiro v0.6.0
[INFO] [stderr]     Checking solana-nohash-hasher v0.2.1
[INFO] [stderr]     Checking downcast v0.11.0
[INFO] [stderr]     Checking fragile v2.0.1
[INFO] [stderr]     Checking unwrap_none v0.1.2
[INFO] [stderr]     Checking tarpc v0.29.0
[INFO] [stderr]     Checking im v15.1.0
[INFO] [stderr]     Checking spl-associated-token-account v6.0.0
[INFO] [stderr]    Compiling aquamarine v0.6.0
[INFO] [stderr]     Checking strum v0.24.1
[INFO] [stderr]     Checking lru v0.7.8
[INFO] [stderr]     Checking spl-token-2022 v7.0.0
[INFO] [stderr]     Checking dir-diff v0.3.3
[INFO] [stderr]     Checking spl-token v4.0.2
[INFO] [stderr]     Checking agave-reserved-account-keys v2.3.11
[INFO] [stderr]     Checking symlink v0.1.0
[INFO] [stderr]     Checking solana-offchain-message v2.2.1
[INFO] [stderr]     Checking solana-reserved-account-keys v2.2.2
[INFO] [stderr]     Checking solana-presigner v2.2.1
[INFO] [stderr]     Checking solana-validator-exit v2.2.1
[INFO] [stderr]     Checking chrono-humanize v0.2.3
[INFO] [stderr]    Compiling smallvec v1.15.1
[INFO] [stderr]    Compiling pin-project-lite v0.2.16
[INFO] [stderr]    Compiling futures-core v0.3.31
[INFO] [stderr]    Compiling crossbeam-utils v0.8.21
[INFO] [stderr]    Compiling futures-sink v0.3.31
[INFO] [stderr]    Compiling libsqlite3-sys v0.30.1
[INFO] [stderr]     Checking mockall v0.11.4
[INFO] [stderr]    Compiling futures-task v0.3.31
[INFO] [stderr]    Compiling pin-utils v0.1.0
[INFO] [stderr]    Compiling slab v0.4.11
[INFO] [stderr]    Compiling futures-io v0.3.31
[INFO] [stderr]    Compiling crc-catalog v2.4.0
[INFO] [stderr]    Compiling crc v3.4.0
[INFO] [stderr]    Compiling futures-intrusive v0.5.0
[INFO] [stderr]    Compiling hashlink v0.10.0
[INFO] [stderr]    Compiling crossbeam-queue v0.3.12
[INFO] [stderr]    Compiling spin v0.9.8
[INFO] [stderr]     Checking spl-type-length-value v0.8.0
[INFO] [stderr]    Compiling spl-program-error-derive v0.5.0
[INFO] [stderr]    Compiling base64 v0.22.1
[INFO] [stderr]    Compiling native-tls v0.2.14
[INFO] [stderr]     Checking spl-program-error v0.7.0
[INFO] [stderr]    Compiling flume v0.11.1
[INFO] [stderr]    Compiling atoi v2.0.0
[INFO] [stderr]     Checking spl-tlv-account-resolution v0.10.0
[INFO] [stderr]     Checking http-body v0.4.6
[INFO] [stderr]     Checking h2 v0.3.27
[INFO] [stderr]     Checking spl-token-confidential-transfer-proof-extraction v0.3.0
[INFO] [stderr]     Checking steel v4.0.4
[INFO] [stderr]     Checking evore v0.1.0 (/opt/rustwide/workdir/program)
[INFO] [stderr]     Checking sqlx-core v0.8.6
[INFO] [stdout] warning: unexpected `cfg` condition value: `custom-heap`
[INFO] [stdout]   --> program/src/lib.rs:21:1
[INFO] [stdout]    |
[INFO] [stdout] 21 | solana_program::entrypoint!(process_instruction);
[INFO] [stdout]    | ^^^^^^^^^^^^^^^^^^^^^^^^^^^^^^^^^^^^^^^^^^^^^^^^
[INFO] [stdout]    |
[INFO] [stdout]    = note: expected values for `feature` are: `default` and `no-entrypoint`
[INFO] [stdout]    = note: using a cfg inside a macro will use the cfgs from the destination crate and not the ones from the defining crate
[INFO] [stdout]    = help: try referring to `$crate::custom_heap_default` crate for guidance on how handle this unexpected cfg
[INFO] [stdout]    = note: see <https://doc.rust-lang.org/nightly/rustc/check-cfg/cargo-specifics.html> for more information about checking conditional configuration
[INFO] [stdout]    = note: `#[warn(unexpected_cfgs)]` on by default
[INFO] [stdout]    = note: this warning originates in the macro `$crate::custom_heap_default` which comes from the expansion of the macro `solana_program::entrypoint` (in Nightly builds, run with -Z macro-backtrace for more info)
[INFO] [stdout] 
[INFO] [stdout] 
[INFO] [stdout] warning: unexpected `cfg` condition value: `solana`
[INFO] [stdout]   --> program/src/lib.rs:21:1
[INFO] [stdout]    |
[INFO] [stdout] 21 | solana_program::entrypoint!(process_instruction);
[INFO] [stdout]    | ^^^^^^^^^^^^^^^^^^^^^^^^^^^^^^^^^^^^^^^^^^^^^^^^
[INFO] [stdout]    |
[INFO] [stdout]    = note: expected values for `target_os` are: `aix`, `amdhsa`, `android`, `cuda`, `cygwin`, `dragonfly`, `emscripten`, `espidf`, `freebsd`, `fuchsia`, `haiku`, `helenos`, `hermit`, `horizon`, `hurd`, `illumos`, `ios`, `l4re`, `linux`, `lynxos178`, `macos`, `managarm`, `motor`, `netbsd`, `none`, `nto`, `nuttx`, `openbsd`, `ps3`, `psp`, `psx`, `qnx`, `qurt`, `redox`, and `rtems` and 16 more
[INFO] [stdout]    = note: using a cfg inside a macro will use the cfgs from the destination crate and not the ones from the defining crate
[INFO] [stdout]    = help: try referring to `$crate::custom_heap_default` crate for guidance on how handle this unexpected cfg
[INFO] [stdout]    = note: see <https://doc.rust-lang.org/nightly/rustc/check-cfg/cargo-specifics.html> for more information about checking conditional configuration
[INFO] [stdout]    = note: this warning originates in the macro `$crate::custom_heap_default` which comes from the expansion of the macro `solana_program::entrypoint` (in Nightly builds, run with -Z macro-backtrace for more info)
[INFO] [stdout] 
[INFO] [stdout] 
[INFO] [stdout] warning: unexpected `cfg` condition value: `custom-panic`
[INFO] [stdout]   --> program/src/lib.rs:21:1
[INFO] [stdout]    |
[INFO] [stdout] 21 | solana_program::entrypoint!(process_instruction);
[INFO] [stdout]    | ^^^^^^^^^^^^^^^^^^^^^^^^^^^^^^^^^^^^^^^^^^^^^^^^
[INFO] [stdout]    |
[INFO] [stdout]    = note: expected values for `feature` are: `default` and `no-entrypoint`
[INFO] [stdout]    = note: using a cfg inside a macro will use the cfgs from the destination crate and not the ones from the defining crate
[INFO] [stdout]    = help: try referring to `$crate::custom_panic_default` crate for guidance on how handle this unexpected cfg
[INFO] [stdout]    = note: see <https://doc.rust-lang.org/nightly/rustc/check-cfg/cargo-specifics.html> for more information about checking conditional configuration
[INFO] [stdout]    = note: this warning originates in the macro `$crate::custom_panic_default` which comes from the expansion of the macro `solana_program::entrypoint` (in Nightly builds, run with -Z macro-backtrace for more info)
[INFO] [stdout] 
[INFO] [stdout] 
[INFO] [stdout] warning: unexpected `cfg` condition value: `solana`
[INFO] [stdout]   --> program/src/lib.rs:21:1
[INFO] [stdout]    |
[INFO] [stdout] 21 | solana_program::entrypoint!(process_instruction);
[INFO] [stdout]    | ^^^^^^^^^^^^^^^^^^^^^^^^^^^^^^^^^^^^^^^^^^^^^^^^
[INFO] [stdout]    |
[INFO] [stdout]    = note: expected values for `target_os` are: `aix`, `amdhsa`, `android`, `cuda`, `cygwin`, `dragonfly`, `emscripten`, `espidf`, `freebsd`, `fuchsia`, `haiku`, `helenos`, `hermit`, `horizon`, `hurd`, `illumos`, `ios`, `l4re`, `linux`, `lynxos178`, `macos`, `managarm`, `motor`, `netbsd`, `none`, `nto`, `nuttx`, `openbsd`, `ps3`, `psp`, `psx`, `qnx`, `qurt`, `redox`, and `rtems` and 16 more
[INFO] [stdout]    = note: using a cfg inside a macro will use the cfgs from the destination crate and not the ones from the defining crate
[INFO] [stdout]    = help: try referring to `$crate::custom_panic_default` crate for guidance on how handle this unexpected cfg
[INFO] [stdout]    = note: see <https://doc.rust-lang.org/nightly/rustc/check-cfg/cargo-specifics.html> for more information about checking conditional configuration
[INFO] [stdout]    = note: this warning originates in the macro `$crate::custom_panic_default` which comes from the expansion of the macro `solana_program::entrypoint` (in Nightly builds, run with -Z macro-backtrace for more info)
[INFO] [stdout] 
[INFO] [stdout] 
[INFO] [stdout] warning: use of deprecated module `solana_program::system_program`: Use `solana_sdk_ids::system_program` instead
[INFO] [stdout]  --> program/src/processor/process_checkpoint.rs:2:77
[INFO] [stdout]   |
[INFO] [stdout] 2 |     account_info::AccountInfo, program_error::ProgramError, pubkey::Pubkey, system_program,
[INFO] [stdout]   |                                                                             ^^^^^^^^^^^^^^
[INFO] [stdout]   |
[INFO] [stdout]   = note: `#[warn(deprecated)]` on by default
[INFO] [stdout] 
[INFO] [stdout] 
[INFO] [stdout] warning: use of deprecated module `solana_program::system_program`: Use `solana_sdk_ids::system_program` instead
[INFO] [stdout]  --> program/src/processor/process_create_deployer.rs:1:78
[INFO] [stdout]   |
[INFO] [stdout] 1 | use solana_program::{account_info::AccountInfo, program_error::ProgramError, system_program};
[INFO] [stdout]   |                                                                              ^^^^^^^^^^^^^^
[INFO] [stdout] 
[INFO] [stdout] 
[INFO] [stdout] warning: use of deprecated module `solana_program::system_program`: Use `solana_sdk_ids::system_program` instead
[INFO] [stdout]  --> program/src/processor/process_create_manager.rs:1:78
[INFO] [stdout]   |
[INFO] [stdout] 1 | use solana_program::{account_info::AccountInfo, program_error::ProgramError, system_program};
[INFO] [stdout]   |                                                                              ^^^^^^^^^^^^^^
[INFO] [stdout] 
[INFO] [stdout] 
[INFO] [stdout] warning: use of deprecated module `solana_program::system_program`: Use `solana_sdk_ids::system_program` instead
[INFO] [stdout]  --> program/src/processor/process_create_strat_deployer.rs:1:78
[INFO] [stdout]   |
[INFO] [stdout] 1 | use solana_program::{account_info::AccountInfo, program_error::ProgramError, system_program};
[INFO] [stdout]   |                                                                              ^^^^^^^^^^^^^^
[INFO] [stdout] 
[INFO] [stdout] 
[INFO] [stdout] warning: use of deprecated module `solana_program::system_program`: Use `solana_sdk_ids::system_program` instead
[INFO] [stdout]  --> program/src/processor/process_deposit_autodeploy_balance.rs:2:77
[INFO] [stdout]   |
[INFO] [stdout] 2 |     account_info::AccountInfo, program_error::ProgramError, pubkey::Pubkey, system_program,
[INFO] [stdout]   |                                                                             ^^^^^^^^^^^^^^
[INFO] [stdout] 
[INFO] [stdout] 
[INFO] [stdout] warning: use of deprecated module `solana_program::system_program`: Use `solana_sdk_ids::system_program` instead
[INFO] [stdout]  --> program/src/processor/process_mm_autocheckpoint.rs:2:77
[INFO] [stdout]   |
[INFO] [stdout] 2 |     account_info::AccountInfo, program_error::ProgramError, pubkey::Pubkey, system_program,
[INFO] [stdout]   |                                                                             ^^^^^^^^^^^^^^
[INFO] [stdout] 
[INFO] [stdout] 
[INFO] [stdout] warning: use of deprecated module `solana_program::system_program`: Use `solana_sdk_ids::system_program` instead
[INFO] [stdout]  --> program/src/processor/process_mm_autodeploy.rs:2:77
[INFO] [stdout]   |
[INFO] [stdout] 2 |     account_info::AccountInfo, program_error::ProgramError, pubkey::Pubkey, system_program,
[INFO] [stdout]   |                                                                             ^^^^^^^^^^^^^^
[INFO] [stdout] 
[INFO] [stdout] 
[INFO] [stdout] warning: use of deprecated module `solana_program::system_program`: Use `solana_sdk_ids::system_program` instead
[INFO] [stdout]  --> program/src/processor/process_mm_create_miner.rs:2:77
[INFO] [stdout]   |
[INFO] [stdout] 2 |     account_info::AccountInfo, program_error::ProgramError, pubkey::Pubkey, system_program,
[INFO] [stdout]   |                                                                             ^^^^^^^^^^^^^^
[INFO] [stdout] 
[INFO] [stdout] 
[INFO] [stdout] warning: use of deprecated module `solana_program::system_program`: Use `solana_sdk_ids::system_program` instead
[INFO] [stdout]  --> program/src/processor/process_mm_deploy.rs:6:5
[INFO] [stdout]   |
[INFO] [stdout] 6 |     system_program,
[INFO] [stdout]   |     ^^^^^^^^^^^^^^
[INFO] [stdout] 
[INFO] [stdout] 
[INFO] [stdout] warning: use of deprecated module `solana_program::system_program`: Use `solana_sdk_ids::system_program` instead
[INFO] [stdout]  --> program/src/processor/process_mm_full_autodeploy.rs:2:77
[INFO] [stdout]   |
[INFO] [stdout] 2 |     account_info::AccountInfo, program_error::ProgramError, pubkey::Pubkey, system_program,
[INFO] [stdout]   |                                                                             ^^^^^^^^^^^^^^
[INFO] [stdout] 
[INFO] [stdout] 
[INFO] [stdout] warning: use of deprecated module `solana_program::system_program`: Use `solana_sdk_ids::system_program` instead
[INFO] [stdout]  --> program/src/processor/process_mm_strat_autodeploy.rs:6:5
[INFO] [stdout]   |
[INFO] [stdout] 6 |     system_program,
[INFO] [stdout]   |     ^^^^^^^^^^^^^^
[INFO] [stdout] 
[INFO] [stdout] 
[INFO] [stdout] warning: use of deprecated module `solana_program::system_program`: Use `solana_sdk_ids::system_program` instead
[INFO] [stdout]  --> program/src/processor/process_mm_strat_full_autodeploy.rs:6:5
[INFO] [stdout]   |
[INFO] [stdout] 6 |     system_program,
[INFO] [stdout]   |     ^^^^^^^^^^^^^^
[INFO] [stdout] 
[INFO] [stdout] 
[INFO] [stdout] warning: use of deprecated module `solana_program::system_program`: Use `solana_sdk_ids::system_program` instead
[INFO] [stdout]  --> program/src/processor/process_recycle_sol.rs:2:77
[INFO] [stdout]   |
[INFO] [stdout] 2 |     account_info::AccountInfo, program_error::ProgramError, pubkey::Pubkey, system_program,
[INFO] [stdout]   |                                                                             ^^^^^^^^^^^^^^
[INFO] [stdout] 
[INFO] [stdout] 
[INFO] [stdout] warning: use of deprecated module `solana_program::system_program`: Use `solana_sdk_ids::system_program` instead
[INFO] [stdout]  --> program/src/processor/process_recycle_strat_sol.rs:2:77
[INFO] [stdout]   |
[INFO] [stdout] 2 |     account_info::AccountInfo, program_error::ProgramError, pubkey::Pubkey, system_program,
[INFO] [stdout]   |                                                                             ^^^^^^^^^^^^^^
[INFO] [stdout] 
[INFO] [stdout] 
[INFO] [stdout] warning: use of deprecated module `solana_program::system_program`: Use `solana_sdk_ids::system_program` instead
[INFO] [stdout]  --> program/src/processor/process_withdraw_autodeploy_balance.rs:2:77
[INFO] [stdout]   |
[INFO] [stdout] 2 |     account_info::AccountInfo, program_error::ProgramError, pubkey::Pubkey, system_program,
[INFO] [stdout]   |                                                                             ^^^^^^^^^^^^^^
[INFO] [stdout] 
[INFO] [stdout] 
[INFO] [stdout] warning: use of deprecated module `solana_program::system_program`: Use `solana_sdk_ids::system_program` instead
[INFO] [stdout]  --> program/src/processor/process_withdraw_tokens.rs:2:77
[INFO] [stdout]   |
[INFO] [stdout] 2 |     account_info::AccountInfo, program_error::ProgramError, pubkey::Pubkey, system_program,
[INFO] [stdout]   |                                                                             ^^^^^^^^^^^^^^
[INFO] [stdout] 
[INFO] [stdout] 
[INFO] [stderr]     Checking spl-elgamal-registry v0.2.0
[INFO] [stderr]     Checking spl-transfer-hook-interface v0.10.0
[INFO] [stderr]     Checking spl-token-metadata-interface v0.7.0
[INFO] [stderr]     Checking spl-token-group-interface v0.6.0
[INFO] [stderr]     Checking spl-token v8.0.0
[INFO] [stderr]     Checking spl-token-confidential-transfer-ciphertext-arithmetic v0.3.1
[INFO] [stderr]     Checking spl-token-confidential-transfer-proof-generation v0.4.1
[INFO] [stderr]     Checking clap_builder v4.5.53
[INFO] [stderr]     Checking spl-token-2022 v8.0.1
[INFO] [stderr]    Compiling clap_derive v4.5.49
[INFO] [stderr]     Checking hyper v0.14.32
[INFO] [stderr]     Checking sqlx-sqlite v0.8.6
[INFO] [stderr]     Checking Inflector v0.11.4
[INFO] [stderr]     Checking solana-account-decoder v2.3.11
[INFO] [stderr]     Checking clap v4.5.53
[INFO] [stderr]    Compiling sqlx-macros-core v0.8.6
[INFO] [stderr]     Checking lz4 v1.28.1
[INFO] [stderr]    Compiling sqlx-macros v0.8.6
[INFO] [stderr]     Checking sqlx v0.8.6
[INFO] [stderr]     Checking solana-secp256r1-program v2.2.4
[INFO] [stderr]     Checking tokio-native-tls v0.3.1
[INFO] [stderr]     Checking solana-precompiles v2.2.2
[INFO] [stderr]     Checking agave-precompiles v2.3.11
[INFO] [stderr]     Checking hyper-tls v0.5.0
[INFO] [stderr]     Checking solana-transaction v2.2.3
[INFO] [stderr]     Checking reqwest v0.11.27
[INFO] [stderr]     Checking solana-transaction-status-client-types v2.3.11
[INFO] [stderr]     Checking solana-svm-transaction v2.3.11
[INFO] [stderr]     Checking solana-client-traits v2.2.1
[INFO] [stderr]     Checking solana-vote-program v2.3.11
[INFO] [stderr]     Checking solana-system-transaction v2.2.1
[INFO] [stderr]     Checking solana-banks-interface v2.3.11
[INFO] [stderr]     Checking agave-transaction-view v2.3.11
[INFO] [stderr]     Checking solana-vote v2.3.11
[INFO] [stderr]     Checking solana-svm v2.3.11
[INFO] [stderr]     Checking solana-accounts-db v2.3.11
[INFO] [stderr]     Checking solana-builtins-default-costs v2.3.11
[INFO] [stderr]     Checking solana-compute-budget-instruction v2.3.11
[INFO] [stderr]     Checking solana-builtins v2.3.11
[INFO] [stderr]     Checking solana-fee v2.3.11
[INFO] [stderr]     Checking solana-sdk v2.3.1
[INFO] [stderr]     Checking solana-banks-client v2.3.11
[INFO] [stderr]     Checking solana-runtime-transaction v2.3.11
[INFO] [stderr]     Checking solana-unified-scheduler-logic v2.3.11
[INFO] [stderr]     Checking solana-cost-model v2.3.11
[INFO] [stderr]     Checking solana-rpc-client-types v2.3.11
[INFO] [stderr]     Checking solana-rpc-client-api v2.3.11
[INFO] [stderr]     Checking solana-pubsub-client v2.3.11
[INFO] [stderr]     Checking solana-rpc-client v2.3.11
[INFO] [stderr]     Checking solana-quic-client v2.3.11
[INFO] [stderr]     Checking solana-runtime v2.3.11
[INFO] [stderr]     Checking solana-tpu-client v2.3.11
[INFO] [stderr]     Checking solana-thin-client v2.3.11
[INFO] [stderr]     Checking solana-rpc-client-nonce-utils v2.3.11
[INFO] [stderr]     Checking solana-client v2.3.11
[INFO] [stderr]     Checking solana-tpu-client-next v2.3.11
[INFO] [stderr]     Checking evore-crank v0.1.0 (/opt/rustwide/workdir/crank)
[INFO] [stdout] warning: unused import: `solana_sdk::pubkey::Pubkey`
[INFO] [stdout]   --> crank/src/pipeline/board_state_monitor.rs:10:5
[INFO] [stdout]    |
[INFO] [stdout] 10 | use solana_sdk::pubkey::Pubkey;
[INFO] [stdout]    |     ^^^^^^^^^^^^^^^^^^^^^^^^^^
[INFO] [stdout]    |
[INFO] [stdout]    = note: `#[warn(unused_imports)]` (part of `#[warn(unused)]`) on by default
[INFO] [stdout] 
[INFO] [stdout] 
[INFO] [stdout] warning: unused imports: `debug` and `warn`
[INFO] [stdout]   --> crank/src/pipeline/checkpoint_batcher.rs:18:15
[INFO] [stdout]    |
[INFO] [stdout] 18 | use tracing::{debug, error, info, warn};
[INFO] [stdout]    |               ^^^^^               ^^^^
[INFO] [stdout] 
[INFO] [stdout] 
[INFO] [stdout] warning: unused import: `MinerTask`
[INFO] [stdout]   --> crank/src/pipeline/confirmation.rs:21:33
[INFO] [stdout]    |
[INFO] [stdout] 21 | use super::types::{FailedBatch, MinerTask, PendingConfirmation, TxType};
[INFO] [stdout]    |                                 ^^^^^^^^^
[INFO] [stdout] 
[INFO] [stdout] 
[INFO] [stdout] warning: unused import: `warn`
[INFO] [stdout]   --> crank/src/pipeline/deployer_batcher.rs:18:35
[INFO] [stdout]    |
[INFO] [stdout] 18 | use tracing::{debug, error, info, warn};
[INFO] [stdout]    |                                   ^^^^
[INFO] [stdout] 
[INFO] [stdout] 
[INFO] [stdout] warning: unused import: `RoundPhase`
[INFO] [stdout]   --> crank/src/pipeline/deployment_check.rs:20:27
[INFO] [stdout]    |
[INFO] [stdout] 20 | use super::shared_state::{RoundPhase, SharedState};
[INFO] [stdout]    |                           ^^^^^^^^^^
[INFO] [stdout] 
[INFO] [stdout] 
[INFO] [stdout] warning: unused imports: `debug` and `warn`
[INFO] [stdout]   --> crank/src/pipeline/expected_fee_updater.rs:19:15
[INFO] [stdout]    |
[INFO] [stdout] 19 | use tracing::{debug, error, info, warn};
[INFO] [stdout]    |               ^^^^^               ^^^^
[INFO] [stdout] 
[INFO] [stdout] 
[INFO] [stdout] warning: unused import: `Signer`
[INFO] [stdout]  --> crank/src/pipeline/tx_processor.rs:8:38
[INFO] [stdout]   |
[INFO] [stdout] 8 | use solana_sdk::signature::{Keypair, Signer};
[INFO] [stdout]   |                                      ^^^^^^
[INFO] [stdout] 
[INFO] [stdout] 
[INFO] [stdout] warning: unused import: `warn`
[INFO] [stdout]   --> crank/src/pipeline/tx_processor.rs:10:35
[INFO] [stdout]    |
[INFO] [stdout] 10 | use tracing::{debug, error, info, warn};
[INFO] [stdout]    |                                   ^^^^
[INFO] [stdout] 
[INFO] [stdout] 
[INFO] [stdout] warning: unused import: `warn`
[INFO] [stdout]   --> crank/src/pipeline/tx_sender.rs:11:35
[INFO] [stdout]    |
[INFO] [stdout] 11 | use tracing::{debug, error, info, warn};
[INFO] [stdout]    |                                   ^^^^
[INFO] [stdout] 
[INFO] [stdout] 
[INFO] [stdout] warning: unused imports: `BoardState`, `PipelineStats`, and `RoundPhase`
[INFO] [stdout]   --> crank/src/pipeline/mod.rs:47:24
[INFO] [stdout]    |
[INFO] [stdout] 47 | pub use shared_state::{BoardState, PipelineStats, RoundPhase, SharedState};
[INFO] [stdout]    |                        ^^^^^^^^^^  ^^^^^^^^^^^^^  ^^^^^^^^^^
[INFO] [stdout] 
[INFO] [stdout] 
[INFO] [stdout] warning: unused imports: `BatchedTx`, `PendingConfirmation`, `SignedTx`, and `TxType`
[INFO] [stdout]   --> crank/src/pipeline/mod.rs:48:17
[INFO] [stdout]    |
[INFO] [stdout] 48 | pub use types::{BatchedTx, MinerTask, PendingConfirmation, SignedTx, TxType};
[INFO] [stdout]    |                 ^^^^^^^^^             ^^^^^^^^^^^^^^^^^^^  ^^^^^^^^  ^^^^^^
[INFO] [stdout] 
[INFO] [stdout] 
[INFO] [stdout] warning: unused import: `solana_sdk::pubkey::Pubkey`
[INFO] [stdout]   --> crank/src/pipeline/board_state_monitor.rs:10:5
[INFO] [stdout]    |
[INFO] [stdout] 10 | use solana_sdk::pubkey::Pubkey;
[INFO] [stdout]    |     ^^^^^^^^^^^^^^^^^^^^^^^^^^
[INFO] [stdout]    |
[INFO] [stdout]    = note: `#[warn(unused_imports)]` (part of `#[warn(unused)]`) on by default
[INFO] [stdout] 
[INFO] [stdout] 
[INFO] [stdout] warning: unused imports: `debug` and `warn`
[INFO] [stdout]   --> crank/src/pipeline/checkpoint_batcher.rs:18:15
[INFO] [stdout]    |
[INFO] [stdout] 18 | use tracing::{debug, error, info, warn};
[INFO] [stdout]    |               ^^^^^               ^^^^
[INFO] [stdout] 
[INFO] [stdout] 
[INFO] [stdout] warning: unused import: `MinerTask`
[INFO] [stdout]   --> crank/src/pipeline/confirmation.rs:21:33
[INFO] [stdout]    |
[INFO] [stdout] 21 | use super::types::{FailedBatch, MinerTask, PendingConfirmation, TxType};
[INFO] [stdout]    |                                 ^^^^^^^^^
[INFO] [stdout] 
[INFO] [stdout] 
[INFO] [stdout] warning: unused import: `warn`
[INFO] [stdout]   --> crank/src/pipeline/deployer_batcher.rs:18:35
[INFO] [stdout]    |
[INFO] [stdout] 18 | use tracing::{debug, error, info, warn};
[INFO] [stdout]    |                                   ^^^^
[INFO] [stdout] 
[INFO] [stdout] 
[INFO] [stdout] warning: unused import: `RoundPhase`
[INFO] [stdout]   --> crank/src/pipeline/deployment_check.rs:20:27
[INFO] [stdout]    |
[INFO] [stdout] 20 | use super::shared_state::{RoundPhase, SharedState};
[INFO] [stdout]    |                           ^^^^^^^^^^
[INFO] [stdout] 
[INFO] [stdout] 
[INFO] [stdout] warning: unused imports: `debug` and `warn`
[INFO] [stdout]   --> crank/src/pipeline/expected_fee_updater.rs:19:15
[INFO] [stdout]    |
[INFO] [stdout] 19 | use tracing::{debug, error, info, warn};
[INFO] [stdout]    |               ^^^^^               ^^^^
[INFO] [stdout] 
[INFO] [stdout] 
[INFO] [stdout] warning: unused import: `Signer`
[INFO] [stdout]  --> crank/src/pipeline/tx_processor.rs:8:38
[INFO] [stdout]   |
[INFO] [stdout] 8 | use solana_sdk::signature::{Keypair, Signer};
[INFO] [stdout]   |                                      ^^^^^^
[INFO] [stdout] 
[INFO] [stdout] 
[INFO] [stdout] warning: unused import: `warn`
[INFO] [stdout]   --> crank/src/pipeline/tx_processor.rs:10:35
[INFO] [stdout]    |
[INFO] [stdout] 10 | use tracing::{debug, error, info, warn};
[INFO] [stdout]    |                                   ^^^^
[INFO] [stdout] 
[INFO] [stdout] 
[INFO] [stdout] warning: unused import: `warn`
[INFO] [stdout]   --> crank/src/pipeline/tx_sender.rs:11:35
[INFO] [stdout]    |
[INFO] [stdout] 11 | use tracing::{debug, error, info, warn};
[INFO] [stdout]    |                                   ^^^^
[INFO] [stdout] 
[INFO] [stdout] 
[INFO] [stdout] warning: unused imports: `BoardState`, `PipelineStats`, and `RoundPhase`
[INFO] [stdout]   --> crank/src/pipeline/mod.rs:47:24
[INFO] [stdout]    |
[INFO] [stdout] 47 | pub use shared_state::{BoardState, PipelineStats, RoundPhase, SharedState};
[INFO] [stdout]    |                        ^^^^^^^^^^  ^^^^^^^^^^^^^  ^^^^^^^^^^
[INFO] [stdout] 
[INFO] [stdout] 
[INFO] [stdout] warning: unused imports: `BatchedTx`, `PendingConfirmation`, `SignedTx`, and `TxType`
[INFO] [stdout]   --> crank/src/pipeline/mod.rs:48:17
[INFO] [stdout]    |
[INFO] [stdout] 48 | pub use types::{BatchedTx, MinerTask, PendingConfirmation, SignedTx, TxType};
[INFO] [stdout]    |                 ^^^^^^^^^             ^^^^^^^^^^^^^^^^^^^  ^^^^^^^^  ^^^^^^
[INFO] [stdout] 
[INFO] [stdout] 
[INFO] [stdout] warning: use of deprecated module `solana_sdk::system_instruction`: Use `solana_system_interface` crate instead
[INFO] [stdout]   --> crank/src/crank.rs:27:5
[INFO] [stdout]    |
[INFO] [stdout] 27 |     system_instruction,
[INFO] [stdout]    |     ^^^^^^^^^^^^^^^^^^
[INFO] [stdout]    |
[INFO] [stdout]    = note: `#[warn(deprecated)]` on by default
[INFO] [stdout] 
[INFO] [stdout] 
[INFO] [stdout] warning: use of deprecated module `solana_sdk::system_program`: Use `solana_system_interface::program` instead
[INFO] [stdout]   --> crank/src/lut.rs:37:5
[INFO] [stdout]    |
[INFO] [stdout] 37 |     system_program,
[INFO] [stdout]    |     ^^^^^^^^^^^^^^
[INFO] [stdout] 
[INFO] [stdout] 
[INFO] [stdout] warning: use of deprecated function `base64::encode`: Use Engine::encode
[INFO] [stdout]   --> crank/src/sender.rs:32:33
[INFO] [stdout]    |
[INFO] [stdout] 32 |         let tx_base64 = base64::encode(&tx_bytes);
[INFO] [stdout]    |                                 ^^^^^^
[INFO] [stdout] 
[INFO] [stdout] 
[INFO] [stdout] warning: use of deprecated function `base64::encode`: Use Engine::encode
[INFO] [stdout]    --> crank/src/sender.rs:209:33
[INFO] [stdout]     |
[INFO] [stdout] 209 |         let tx_base64 = base64::encode(&tx_bytes);
[INFO] [stdout]     |                                 ^^^^^^
[INFO] [stdout] 
[INFO] [stdout] 
[INFO] [stdout] warning: use of deprecated module `solana_sdk::system_instruction`: Use `solana_system_interface` crate instead
[INFO] [stdout]   --> crank/src/crank.rs:27:5
[INFO] [stdout]    |
[INFO] [stdout] 27 |     system_instruction,
[INFO] [stdout]    |     ^^^^^^^^^^^^^^^^^^
[INFO] [stdout]    |
[INFO] [stdout]    = note: `#[warn(deprecated)]` on by default
[INFO] [stdout] 
[INFO] [stdout] 
[INFO] [stdout] warning: use of deprecated module `solana_sdk::system_program`: Use `solana_system_interface::program` instead
[INFO] [stdout]   --> crank/src/lut.rs:37:5
[INFO] [stdout]    |
[INFO] [stdout] 37 |     system_program,
[INFO] [stdout]    |     ^^^^^^^^^^^^^^
[INFO] [stdout] 
[INFO] [stdout] 
[INFO] [stdout] warning: use of deprecated function `base64::encode`: Use Engine::encode
[INFO] [stdout]   --> crank/src/sender.rs:32:33
[INFO] [stdout]    |
[INFO] [stdout] 32 |         let tx_base64 = base64::encode(&tx_bytes);
[INFO] [stdout]    |                                 ^^^^^^
[INFO] [stdout] 
[INFO] [stdout] 
[INFO] [stdout] warning: use of deprecated function `base64::encode`: Use Engine::encode
[INFO] [stdout]    --> crank/src/sender.rs:209:33
[INFO] [stdout]     |
[INFO] [stdout] 209 |         let tx_base64 = base64::encode(&tx_bytes);
[INFO] [stdout]     |                                 ^^^^^^
[INFO] [stdout] 
[INFO] [stdout] 
[INFO] [stderr]     Checking solana-send-transaction-service v2.3.11
[INFO] [stdout] error[E0308]: mismatched types
[INFO] [stdout]    --> crank/src/pipeline/board_state_monitor.rs:142:9
[INFO] [stdout]     |
[INFO] [stdout] 142 |     Ok((board, current_slot))
[INFO] [stdout]     |         ^^^^^ expected `BoardAccount`, found `Box<BoardAccount>`
[INFO] [stdout]     |
[INFO] [stdout]     = note: expected enum `BoardAccount`
[INFO] [stdout]              found struct `Box<BoardAccount>`
[INFO] [stdout] help: consider unboxing the value
[INFO] [stdout]     |
[INFO] [stdout] 142 |     Ok((*board, current_slot))
[INFO] [stdout]     |         +
[INFO] [stdout] 
[INFO] [stdout] 
[INFO] [stdout] error[E0308]: mismatched types
[INFO] [stdout]    --> crank/src/pipeline/board_state_monitor.rs:142:9
[INFO] [stdout]     |
[INFO] [stdout] 142 |     Ok((board, current_slot))
[INFO] [stdout]     |         ^^^^^ expected `BoardAccount`, found `Box<BoardAccount>`
[INFO] [stdout]     |
[INFO] [stdout]     = note: expected enum `BoardAccount`
[INFO] [stdout]              found struct `Box<BoardAccount>`
[INFO] [stdout] help: consider unboxing the value
[INFO] [stdout]     |
[INFO] [stdout] 142 |     Ok((*board, current_slot))
[INFO] [stdout]     |         +
[INFO] [stdout] 
[INFO] [stdout] 
[INFO] [stderr]     Checking solana-banks-server v2.3.11
[INFO] [stderr]     Checking solana-program-test v2.3.11
[INFO] [stdout] warning: unused imports: `consts::FEE_COLLECTOR`, `managed_miner_auth_pda`, and `strategy_deployer_pda`
[INFO] [stdout]  --> program/tests/strat_common/mod.rs:2:5
[INFO] [stdout]   |
[INFO] [stdout] 2 |     consts::FEE_COLLECTOR,
[INFO] [stdout]   |     ^^^^^^^^^^^^^^^^^^^^^
[INFO] [stdout] ...
[INFO] [stdout] 9 |         managed_miner_auth_pda, strategy_deployer_pda, EvoreAccount, Manager, StrategyDeployer,
[INFO] [stdout]   |         ^^^^^^^^^^^^^^^^^^^^^^  ^^^^^^^^^^^^^^^^^^^^^
[INFO] [stdout]   |
[INFO] [stdout]   = note: `#[warn(unused_imports)]` (part of `#[warn(unused)]`) on by default
[INFO] [stdout] 
[INFO] [stdout] 
[INFO] [stdout] warning: unused import: `StrategyDeployer`
[INFO] [stdout]  --> program/tests/strat_update_deployer.rs:6:43
[INFO] [stdout]   |
[INFO] [stdout] 6 | use evore::state::{strategy_deployer_pda, StrategyDeployer};
[INFO] [stdout]   |                                           ^^^^^^^^^^^^^^^^
[INFO] [stdout] 
[INFO] [stdout] 
[INFO] [stdout] warning: unused imports: `consts::FEE_COLLECTOR`, `managed_miner_auth_pda`, and `strategy_deployer_pda`
[INFO] [stdout]  --> program/tests/strat_common/mod.rs:2:5
[INFO] [stdout]   |
[INFO] [stdout] 2 |     consts::FEE_COLLECTOR,
[INFO] [stdout]   |     ^^^^^^^^^^^^^^^^^^^^^
[INFO] [stdout] ...
[INFO] [stdout] 9 |         managed_miner_auth_pda, strategy_deployer_pda, EvoreAccount, Manager, StrategyDeployer,
[INFO] [stdout]   |         ^^^^^^^^^^^^^^^^^^^^^^  ^^^^^^^^^^^^^^^^^^^^^
[INFO] [stdout]   |
[INFO] [stdout]   = note: `#[warn(unused_imports)]` (part of `#[warn(unused)]`) on by default
[INFO] [stdout] 
[INFO] [stdout] 
[INFO] [stdout] warning: unused import: `strategy_deployer_pda`
[INFO] [stdout]  --> program/tests/strat_autodeploy_dsp.rs:6:44
[INFO] [stdout]   |
[INFO] [stdout] 6 | use evore::state::{managed_miner_auth_pda, strategy_deployer_pda};
[INFO] [stdout]   |                                            ^^^^^^^^^^^^^^^^^^^^^
[INFO] [stdout] 
[INFO] [stdout] 
[INFO] [stdout] warning: unused imports: `consts::FEE_COLLECTOR`, `managed_miner_auth_pda`, and `strategy_deployer_pda`
[INFO] [stdout]  --> program/tests/strat_common/mod.rs:2:5
[INFO] [stdout]   |
[INFO] [stdout] 2 |     consts::FEE_COLLECTOR,
[INFO] [stdout]   |     ^^^^^^^^^^^^^^^^^^^^^
[INFO] [stdout] ...
[INFO] [stdout] 9 |         managed_miner_auth_pda, strategy_deployer_pda, EvoreAccount, Manager, StrategyDeployer,
[INFO] [stdout]   |         ^^^^^^^^^^^^^^^^^^^^^^  ^^^^^^^^^^^^^^^^^^^^^
[INFO] [stdout]   |
[INFO] [stdout]   = note: `#[warn(unused_imports)]` (part of `#[warn(unused)]`) on by default
[INFO] [stdout] 
[INFO] [stdout] 
[INFO] [stdout] warning: unused import: `evore::ore_api::miner_pda`
[INFO] [stdout]  --> program/tests/strat_autodeploy_split.rs:6:5
[INFO] [stdout]   |
[INFO] [stdout] 6 | use evore::ore_api::miner_pda;
[INFO] [stdout]   |     ^^^^^^^^^^^^^^^^^^^^^^^^^
[INFO] [stdout] 
[INFO] [stdout] 
[INFO] [stdout] warning: unused import: `strategy_deployer_pda`
[INFO] [stdout]  --> program/tests/strat_autodeploy_split.rs:7:44
[INFO] [stdout]   |
[INFO] [stdout] 7 | use evore::state::{managed_miner_auth_pda, strategy_deployer_pda};
[INFO] [stdout]   |                                            ^^^^^^^^^^^^^^^^^^^^^
[INFO] [stdout] 
[INFO] [stdout] 
[INFO] [stdout] warning: unused imports: `consts::FEE_COLLECTOR`, `managed_miner_auth_pda`, and `strategy_deployer_pda`
[INFO] [stdout]  --> program/tests/strat_common/mod.rs:2:5
[INFO] [stdout]   |
[INFO] [stdout] 2 |     consts::FEE_COLLECTOR,
[INFO] [stdout]   |     ^^^^^^^^^^^^^^^^^^^^^
[INFO] [stdout] ...
[INFO] [stdout] 9 |         managed_miner_auth_pda, strategy_deployer_pda, EvoreAccount, Manager, StrategyDeployer,
[INFO] [stdout]   |         ^^^^^^^^^^^^^^^^^^^^^^  ^^^^^^^^^^^^^^^^^^^^^
[INFO] [stdout]   |
[INFO] [stdout]   = note: `#[warn(unused_imports)]` (part of `#[warn(unused)]`) on by default
[INFO] [stdout] 
[INFO] [stdout] 
[INFO] [stdout] warning: unused imports: `board_pda`, `miner_pda`, and `round_pda`
[INFO] [stdout]  --> program/tests/strat_full_autodeploy.rs:6:22
[INFO] [stdout]   |
[INFO] [stdout] 6 | use evore::ore_api::{board_pda, miner_pda, round_pda};
[INFO] [stdout]   |                      ^^^^^^^^^  ^^^^^^^^^  ^^^^^^^^^
[INFO] [stdout] 
[INFO] [stdout] 
[INFO] [stdout] warning: unused import: `strategy_deployer_pda`
[INFO] [stdout]  --> program/tests/strat_full_autodeploy.rs:7:44
[INFO] [stdout]   |
[INFO] [stdout] 7 | use evore::state::{managed_miner_auth_pda, strategy_deployer_pda};
[INFO] [stdout]   |                                            ^^^^^^^^^^^^^^^^^^^^^
[INFO] [stdout] 
[INFO] [stdout] 
[INFO] [stdout] warning: use of deprecated associated function `solana_sdk::signature::Keypair::from_bytes`: Use Keypair::try_from(&[u8]) instead
[INFO] [stdout]   --> crank/src/config.rs:88:21
[INFO] [stdout]    |
[INFO] [stdout] 88 |         Ok(Keypair::from_bytes(&keypair_bytes)?)
[INFO] [stdout]    |                     ^^^^^^^^^^
[INFO] [stdout] 
[INFO] [stdout] 
[INFO] [stdout] warning: use of deprecated module `solana_program::system_instruction`: Use `solana_system_interface` crate instead
[INFO] [stdout]   --> program/tests/test.rs:10:34
[INFO] [stdout]    |
[INFO] [stdout] 10 | use solana_program::{rent::Rent, system_instruction};
[INFO] [stdout]    |                                  ^^^^^^^^^^^^^^^^^^
[INFO] [stdout]    |
[INFO] [stdout]    = note: `#[warn(deprecated)]` on by default
[INFO] [stdout] 
[INFO] [stdout] 
[INFO] [stdout] error[E0308]: mismatched types
[INFO] [stdout]    --> crank/src/crank.rs:299:13
[INFO] [stdout]     |
[INFO] [stdout] 299 |         Ok((board, current_slot))
[INFO] [stdout]     |             ^^^^^ expected `BoardAccount`, found `Box<BoardAccount>`
[INFO] [stdout]     |
[INFO] [stdout]     = note: expected enum `BoardAccount`
[INFO] [stdout]              found struct `Box<BoardAccount>`
[INFO] [stdout] help: consider unboxing the value
[INFO] [stdout]     |
[INFO] [stdout] 299 |         Ok((*board, current_slot))
[INFO] [stdout]     |             +
[INFO] [stdout] 
[INFO] [stdout] 
[INFO] [stdout] warning: use of deprecated associated function `solana_sdk::signature::Keypair::from_bytes`: Use Keypair::try_from(&[u8]) instead
[INFO] [stdout]   --> crank/src/config.rs:88:21
[INFO] [stdout]    |
[INFO] [stdout] 88 |         Ok(Keypair::from_bytes(&keypair_bytes)?)
[INFO] [stdout]    |                     ^^^^^^^^^^
[INFO] [stdout] 
[INFO] [stdout] 
[INFO] [stdout] error[E0308]: mismatched types
[INFO] [stdout]    --> crank/src/crank.rs:314:12
[INFO] [stdout]     |
[INFO] [stdout] 314 |         Ok(round)
[INFO] [stdout]     |         -- ^^^^^ expected `RoundAccount`, found `Box<RoundAccount>`
[INFO] [stdout]     |         |
[INFO] [stdout]     |         arguments to this enum variant are incorrect
[INFO] [stdout]     |
[INFO] [stdout]     = note: expected enum `RoundAccount`
[INFO] [stdout]              found struct `Box<RoundAccount>`
[INFO] [stdout] help: the type constructed contains `Box<RoundAccount>` due to the type of the argument passed
[INFO] [stdout]    --> crank/src/crank.rs:314:9
[INFO] [stdout]     |
[INFO] [stdout] 314 |         Ok(round)
[INFO] [stdout]     |         ^^^-----^
[INFO] [stdout]     |            |
[INFO] [stdout]     |            this argument influences the type of `Ok`
[INFO] [stdout] note: tuple variant defined here
[INFO] [stdout]    --> /rustc/40527f3e444fde1deb361751bdef9b9e11d1b971/library/core/src/result.rs:562:4
[INFO] [stdout] help: consider unboxing the value
[INFO] [stdout]     |
[INFO] [stdout] 314 |         Ok(*round)
[INFO] [stdout]     |            +
[INFO] [stdout] 
[INFO] [stdout] 
[INFO] [stdout] warning: unused variable: `mma_pda`
[INFO] [stdout]   --> program/tests/strat_autodeploy_split.rs:93:50
[INFO] [stdout]    |
[INFO] [stdout] 93 |     let (mut context, deploy_authority, manager, mma_pda, auth_id) =
[INFO] [stdout]    |                                                  ^^^^^^^ help: if this is intentional, prefix it with an underscore: `_mma_pda`
[INFO] [stdout]    |
[INFO] [stdout]    = note: `#[warn(unused_variables)]` (part of `#[warn(unused)]`) on by default
[INFO] [stdout] 
[INFO] [stdout] 
[INFO] [stdout] warning: unused variable: `mma_pda`
[INFO] [stdout]    --> program/tests/strat_autodeploy_split.rs:120:50
[INFO] [stdout]     |
[INFO] [stdout] 120 |     let (mut context, deploy_authority, manager, mma_pda, auth_id) =
[INFO] [stdout]     |                                                  ^^^^^^^ help: if this is intentional, prefix it with an underscore: `_mma_pda`
[INFO] [stdout] 
[INFO] [stdout] 
[INFO] [stdout] warning: constant `TEST_ROUND_ID` is never used
[INFO] [stdout]   --> program/tests/strat_common/mod.rs:20:11
[INFO] [stdout]    |
[INFO] [stdout] 20 | pub const TEST_ROUND_ID: u64 = 70149;
[INFO] [stdout]    |           ^^^^^^^^^^^^^
[INFO] [stdout]    |
[INFO] [stdout]    = note: `#[warn(dead_code)]` (part of `#[warn(unused)]`) on by default
[INFO] [stdout] 
[INFO] [stdout] 
[INFO] [stdout] warning: function `add_strat_deployer_account` is never used
[INFO] [stdout]   --> program/tests/strat_common/mod.rs:85:8
[INFO] [stdout]    |
[INFO] [stdout] 85 | pub fn add_strat_deployer_account(
[INFO] [stdout]    |        ^^^^^^^^^^^^^^^^^^^^^^^^^^
[INFO] [stdout] 
[INFO] [stdout] 
[INFO] [stdout] warning: function `fund_account` is never used
[INFO] [stdout]    --> program/tests/strat_common/mod.rs:128:8
[INFO] [stdout]     |
[INFO] [stdout] 128 | pub fn fund_account(program_test: &mut ProgramTest, pubkey: Pubkey, lamports: u64) {
[INFO] [stdout]     |        ^^^^^^^^^^^^
[INFO] [stdout] 
[INFO] [stdout] 
[INFO] [stdout] warning: function `add_ore_miner_account` is never used
[INFO] [stdout]    --> program/tests/strat_common/mod.rs:235:8
[INFO] [stdout]     |
[INFO] [stdout] 235 | pub fn add_ore_miner_account(
[INFO] [stdout]     |        ^^^^^^^^^^^^^^^^^^^^^
[INFO] [stdout] 
[INFO] [stdout] 
[INFO] [stdout] warning: function `ev_strategy_data` is never used
[INFO] [stdout]    --> program/tests/strat_common/mod.rs:418:8
[INFO] [stdout]     |
[INFO] [stdout] 418 | pub fn ev_strategy_data(
[INFO] [stdout]     |        ^^^^^^^^^^^^^^^^
[INFO] [stdout] 
[INFO] [stdout] 
[INFO] [stdout] warning: function `percentage_strategy_data` is never used
[INFO] [stdout]    --> program/tests/strat_common/mod.rs:432:8
[INFO] [stdout]     |
[INFO] [stdout] 432 | pub fn percentage_strategy_data(
[INFO] [stdout]     |        ^^^^^^^^^^^^^^^^^^^^^^^^
[INFO] [stdout] 
[INFO] [stdout] 
[INFO] [stdout] warning: function `manual_strategy_data` is never used
[INFO] [stdout]    --> program/tests/strat_common/mod.rs:446:8
[INFO] [stdout]     |
[INFO] [stdout] 446 | pub fn manual_strategy_data() -> [u8; 64] {
[INFO] [stdout]     |        ^^^^^^^^^^^^^^^^^^^^
[INFO] [stdout] 
[INFO] [stdout] 
[INFO] [stdout] warning: function `dsp_strategy_data` is never used
[INFO] [stdout]    --> program/tests/strat_common/mod.rs:457:8
[INFO] [stdout]     |
[INFO] [stdout] 457 | pub fn dsp_strategy_data(
[INFO] [stdout]     |        ^^^^^^^^^^^^^^^^^
[INFO] [stdout] 
[INFO] [stdout] 
[INFO] [stdout] warning: function `dynev_strategy_data` is never used
[INFO] [stdout]    --> program/tests/strat_common/mod.rs:471:8
[INFO] [stdout]     |
[INFO] [stdout] 471 | pub fn dynev_strategy_data(
[INFO] [stdout]     |        ^^^^^^^^^^^^^^^^^^^
[INFO] [stdout] 
[INFO] [stdout] 
[INFO] [stdout] warning: function `get_strat_deployer_state` is never used
[INFO] [stdout]    --> program/tests/strat_common/mod.rs:489:14
[INFO] [stdout]     |
[INFO] [stdout] 489 | pub async fn get_strat_deployer_state(
[INFO] [stdout]     |              ^^^^^^^^^^^^^^^^^^^^^^^^
[INFO] [stdout] 
[INFO] [stdout] 
[INFO] [stdout] warning: constant `TEST_ROUND_ID` is never used
[INFO] [stdout]   --> program/tests/strat_common/mod.rs:20:11
[INFO] [stdout]    |
[INFO] [stdout] 20 | pub const TEST_ROUND_ID: u64 = 70149;
[INFO] [stdout]    |           ^^^^^^^^^^^^^
[INFO] [stdout]    |
[INFO] [stdout]    = note: `#[warn(dead_code)]` (part of `#[warn(unused)]`) on by default
[INFO] [stdout] 
[INFO] [stdout] 
[INFO] [stdout] warning: function `add_strat_deployer_account` is never used
[INFO] [stdout]   --> program/tests/strat_common/mod.rs:85:8
[INFO] [stdout]    |
[INFO] [stdout] 85 | pub fn add_strat_deployer_account(
[INFO] [stdout]    |        ^^^^^^^^^^^^^^^^^^^^^^^^^^
[INFO] [stdout] 
[INFO] [stdout] 
[INFO] [stdout] warning: function `fund_account` is never used
[INFO] [stdout]    --> program/tests/strat_common/mod.rs:128:8
[INFO] [stdout]     |
[INFO] [stdout] 128 | pub fn fund_account(program_test: &mut ProgramTest, pubkey: Pubkey, lamports: u64) {
[INFO] [stdout]     |        ^^^^^^^^^^^^
[INFO] [stdout] 
[INFO] [stdout] 
[INFO] [stdout] warning: function `add_ore_miner_account` is never used
[INFO] [stdout]    --> program/tests/strat_common/mod.rs:235:8
[INFO] [stdout]     |
[INFO] [stdout] 235 | pub fn add_ore_miner_account(
[INFO] [stdout]     |        ^^^^^^^^^^^^^^^^^^^^^
[INFO] [stdout] 
[INFO] [stdout] 
[INFO] [stdout] warning: function `ev_strategy_data` is never used
[INFO] [stdout]    --> program/tests/strat_common/mod.rs:418:8
[INFO] [stdout]     |
[INFO] [stdout] 418 | pub fn ev_strategy_data(
[INFO] [stdout]     |        ^^^^^^^^^^^^^^^^
[INFO] [stdout] 
[INFO] [stdout] 
[INFO] [stdout] warning: function `percentage_strategy_data` is never used
[INFO] [stdout]    --> program/tests/strat_common/mod.rs:432:8
[INFO] [stdout]     |
[INFO] [stdout] 432 | pub fn percentage_strategy_data(
[INFO] [stdout]     |        ^^^^^^^^^^^^^^^^^^^^^^^^
[INFO] [stdout] 
[INFO] [stdout] 
[INFO] [stdout] warning: function `manual_strategy_data` is never used
[INFO] [stdout]    --> program/tests/strat_common/mod.rs:446:8
[INFO] [stdout]     |
[INFO] [stdout] 446 | pub fn manual_strategy_data() -> [u8; 64] {
[INFO] [stdout]     |        ^^^^^^^^^^^^^^^^^^^^
[INFO] [stdout] 
[INFO] [stdout] 
[INFO] [stdout] warning: function `split_strategy_data` is never used
[INFO] [stdout]    --> program/tests/strat_common/mod.rs:450:8
[INFO] [stdout]     |
[INFO] [stdout] 450 | pub fn split_strategy_data(motherlode_min: u64, motherlode_max: u64) -> [u8; 64] {
[INFO] [stdout]     |        ^^^^^^^^^^^^^^^^^^^
[INFO] [stdout] 
[INFO] [stdout] 
[INFO] [stdout] warning: function `dynev_strategy_data` is never used
[INFO] [stdout]    --> program/tests/strat_common/mod.rs:471:8
[INFO] [stdout]     |
[INFO] [stdout] 471 | pub fn dynev_strategy_data(
[INFO] [stdout]     |        ^^^^^^^^^^^^^^^^^^^
[INFO] [stdout] 
[INFO] [stdout] 
[INFO] [stdout] warning: function `get_strat_deployer_state` is never used
[INFO] [stdout]    --> program/tests/strat_common/mod.rs:489:14
[INFO] [stdout]     |
[INFO] [stdout] 489 | pub async fn get_strat_deployer_state(
[INFO] [stdout]     |              ^^^^^^^^^^^^^^^^^^^^^^^^
[INFO] [stdout] 
[INFO] [stdout] 
[INFO] [stdout] warning: constant `TEST_ROUND_ID` is never used
[INFO] [stdout]   --> program/tests/strat_common/mod.rs:20:11
[INFO] [stdout]    |
[INFO] [stdout] 20 | pub const TEST_ROUND_ID: u64 = 70149;
[INFO] [stdout]    |           ^^^^^^^^^^^^^
[INFO] [stdout]    |
[INFO] [stdout]    = note: `#[warn(dead_code)]` (part of `#[warn(unused)]`) on by default
[INFO] [stdout] 
[INFO] [stdout] 
[INFO] [stdout] warning: function `add_strat_deployer_account` is never used
[INFO] [stdout]   --> program/tests/strat_common/mod.rs:85:8
[INFO] [stdout]    |
[INFO] [stdout] 85 | pub fn add_strat_deployer_account(
[INFO] [stdout]    |        ^^^^^^^^^^^^^^^^^^^^^^^^^^
[INFO] [stdout] 
[INFO] [stdout] 
[INFO] [stdout] warning: function `fund_account` is never used
[INFO] [stdout]    --> program/tests/strat_common/mod.rs:128:8
[INFO] [stdout]     |
[INFO] [stdout] 128 | pub fn fund_account(program_test: &mut ProgramTest, pubkey: Pubkey, lamports: u64) {
[INFO] [stdout]     |        ^^^^^^^^^^^^
[INFO] [stdout] 
[INFO] [stdout] 
[INFO] [stdout] warning: function `percentage_strategy_data` is never used
[INFO] [stdout]    --> program/tests/strat_common/mod.rs:432:8
[INFO] [stdout]     |
[INFO] [stdout] 432 | pub fn percentage_strategy_data(
[INFO] [stdout]     |        ^^^^^^^^^^^^^^^^^^^^^^^^
[INFO] [stdout] 
[INFO] [stdout] 
[INFO] [stdout] warning: function `dsp_strategy_data` is never used
[INFO] [stdout]    --> program/tests/strat_common/mod.rs:457:8
[INFO] [stdout]     |
[INFO] [stdout] 457 | pub fn dsp_strategy_data(
[INFO] [stdout]     |        ^^^^^^^^^^^^^^^^^
[INFO] [stdout] 
[INFO] [stdout] 
[INFO] [stdout] warning: function `dynev_strategy_data` is never used
[INFO] [stdout]    --> program/tests/strat_common/mod.rs:471:8
[INFO] [stdout]     |
[INFO] [stdout] 471 | pub fn dynev_strategy_data(
[INFO] [stdout]     |        ^^^^^^^^^^^^^^^^^^^
[INFO] [stdout] 
[INFO] [stdout] 
[INFO] [stdout] warning: function `get_strat_deployer_state` is never used
[INFO] [stdout]    --> program/tests/strat_common/mod.rs:489:14
[INFO] [stdout]     |
[INFO] [stdout] 489 | pub async fn get_strat_deployer_state(
[INFO] [stdout]     |              ^^^^^^^^^^^^^^^^^^^^^^^^
[INFO] [stdout] 
[INFO] [stdout] 
[INFO] [stdout] warning: constant `TEST_ROUND_ID` is never used
[INFO] [stdout]   --> program/tests/strat_common/mod.rs:20:11
[INFO] [stdout]    |
[INFO] [stdout] 20 | pub const TEST_ROUND_ID: u64 = 70149;
[INFO] [stdout]    |           ^^^^^^^^^^^^^
[INFO] [stdout]    |
[INFO] [stdout]    = note: `#[warn(dead_code)]` (part of `#[warn(unused)]`) on by default
[INFO] [stdout] 
[INFO] [stdout] 
[INFO] [stdout] warning: function `add_strat_deployer_account` is never used
[INFO] [stdout]   --> program/tests/strat_common/mod.rs:85:8
[INFO] [stdout]    |
[INFO] [stdout] 85 | pub fn add_strat_deployer_account(
[INFO] [stdout]    |        ^^^^^^^^^^^^^^^^^^^^^^^^^^
[INFO] [stdout] 
[INFO] [stdout] 
[INFO] [stdout] warning: function `fund_account` is never used
[INFO] [stdout]    --> program/tests/strat_common/mod.rs:128:8
[INFO] [stdout]     |
[INFO] [stdout] 128 | pub fn fund_account(program_test: &mut ProgramTest, pubkey: Pubkey, lamports: u64) {
[INFO] [stdout]     |        ^^^^^^^^^^^^
[INFO] [stdout] 
[INFO] [stdout] 
[INFO] [stdout] warning: function `add_autodeploy_balance` is never used
[INFO] [stdout]    --> program/tests/strat_common/mod.rs:141:8
[INFO] [stdout]     |
[INFO] [stdout] 141 | pub fn add_autodeploy_balance(
[INFO] [stdout]     |        ^^^^^^^^^^^^^^^^^^^^^^
[INFO] [stdout] 
[INFO] [stdout] 
[INFO] [stdout] warning: function `add_board_account` is never used
[INFO] [stdout]    --> program/tests/strat_common/mod.rs:162:8
[INFO] [stdout]     |
[INFO] [stdout] 162 | pub fn add_board_account(
[INFO] [stdout]     |        ^^^^^^^^^^^^^^^^^
[INFO] [stdout] 
[INFO] [stdout] 
[INFO] [stdout] warning: function `add_round_account` is never used
[INFO] [stdout]    --> program/tests/strat_common/mod.rs:195:8
[INFO] [stdout]     |
[INFO] [stdout] 195 | pub fn add_round_account(
[INFO] [stdout]     |        ^^^^^^^^^^^^^^^^^
[INFO] [stdout] 
[INFO] [stdout] 
[INFO] [stdout] warning: function `add_ore_miner_account` is never used
[INFO] [stdout]    --> program/tests/strat_common/mod.rs:235:8
[INFO] [stdout]     |
[INFO] [stdout] 235 | pub fn add_ore_miner_account(
[INFO] [stdout]     |        ^^^^^^^^^^^^^^^^^^^^^
[INFO] [stdout] 
[INFO] [stdout] 
[INFO] [stdout] warning: function `add_entropy_var_account` is never used
[INFO] [stdout]    --> program/tests/strat_common/mod.rs:279:8
[INFO] [stdout]     |
[INFO] [stdout] 279 | pub fn add_entropy_var_account(program_test: &mut ProgramTest, board_address: Pubkey, end_at: u64) {
[INFO] [stdout]     |        ^^^^^^^^^^^^^^^^^^^^^^^
[INFO] [stdout] 
[INFO] [stdout] 
[INFO] [stdout] warning: function `add_treasury_account` is never used
[INFO] [stdout]    --> program/tests/strat_common/mod.rs:311:8
[INFO] [stdout]     |
[INFO] [stdout] 311 | pub fn add_treasury_account(program_test: &mut ProgramTest) {
[INFO] [stdout]     |        ^^^^^^^^^^^^^^^^^^^^
[INFO] [stdout] 
[INFO] [stdout] 
[INFO] [stdout] warning: function `add_mint_account` is never used
[INFO] [stdout]    --> program/tests/strat_common/mod.rs:325:8
[INFO] [stdout]     |
[INFO] [stdout] 325 | pub fn add_mint_account(program_test: &mut ProgramTest) {
[INFO] [stdout]     |        ^^^^^^^^^^^^^^^^
[INFO] [stdout] 
[INFO] [stdout] 
[INFO] [stdout] warning: function `add_treasury_ata_account` is never used
[INFO] [stdout]    --> program/tests/strat_common/mod.rs:339:8
[INFO] [stdout]     |
[INFO] [stdout] 339 | pub fn add_treasury_ata_account(program_test: &mut ProgramTest) {
[INFO] [stdout]     |        ^^^^^^^^^^^^^^^^^^^^^^^^
[INFO] [stdout] 
[INFO] [stdout] 
[INFO] [stdout] warning: function `add_config_account` is never used
[INFO] [stdout]    --> program/tests/strat_common/mod.rs:356:8
[INFO] [stdout]     |
[INFO] [stdout] 356 | pub fn add_config_account(program_test: &mut ProgramTest) {
[INFO] [stdout]     |        ^^^^^^^^^^^^^^^^^^
[INFO] [stdout] 
[INFO] [stdout] 
[INFO] [stdout] warning: function `setup_strat_deploy_test_accounts` is never used
[INFO] [stdout]    --> program/tests/strat_common/mod.rs:374:8
[INFO] [stdout]     |
[INFO] [stdout] 374 | pub fn setup_strat_deploy_test_accounts(
[INFO] [stdout]     |        ^^^^^^^^^^^^^^^^^^^^^^^^^^^^^^^^
[INFO] [stdout] 
[INFO] [stdout] 
[INFO] [stdout] warning: function `percentage_strategy_data` is never used
[INFO] [stdout]    --> program/tests/strat_common/mod.rs:432:8
[INFO] [stdout]     |
[INFO] [stdout] 432 | pub fn percentage_strategy_data(
[INFO] [stdout]     |        ^^^^^^^^^^^^^^^^^^^^^^^^
[INFO] [stdout] 
[INFO] [stdout] 
[INFO] [stdout] warning: function `split_strategy_data` is never used
[INFO] [stdout]    --> program/tests/strat_common/mod.rs:450:8
[INFO] [stdout]     |
[INFO] [stdout] 450 | pub fn split_strategy_data(motherlode_min: u64, motherlode_max: u64) -> [u8; 64] {
[INFO] [stdout]     |        ^^^^^^^^^^^^^^^^^^^
[INFO] [stdout] 
[INFO] [stdout] 
[INFO] [stdout] warning: function `dsp_strategy_data` is never used
[INFO] [stdout]    --> program/tests/strat_common/mod.rs:457:8
[INFO] [stdout]     |
[INFO] [stdout] 457 | pub fn dsp_strategy_data(
[INFO] [stdout]     |        ^^^^^^^^^^^^^^^^^
[INFO] [stdout] 
[INFO] [stdout] 
[INFO] [stdout] warning: function `dynev_strategy_data` is never used
[INFO] [stdout]    --> program/tests/strat_common/mod.rs:471:8
[INFO] [stdout]     |
[INFO] [stdout] 471 | pub fn dynev_strategy_data(
[INFO] [stdout]     |        ^^^^^^^^^^^^^^^^^^^
[INFO] [stdout] 
[INFO] [stdout] 
[INFO] [stdout] error[E0308]: mismatched types
[INFO] [stdout]    --> crank/src/crank.rs:299:13
[INFO] [stdout]     |
[INFO] [stdout] 299 |         Ok((board, current_slot))
[INFO] [stdout]     |             ^^^^^ expected `BoardAccount`, found `Box<BoardAccount>`
[INFO] [stdout]     |
[INFO] [stdout]     = note: expected enum `BoardAccount`
[INFO] [stdout]              found struct `Box<BoardAccount>`
[INFO] [stdout] help: consider unboxing the value
[INFO] [stdout]     |
[INFO] [stdout] 299 |         Ok((*board, current_slot))
[INFO] [stdout]     |             +
[INFO] [stdout] 
[INFO] [stdout] 
[INFO] [stdout] error[E0308]: mismatched types
[INFO] [stdout]    --> crank/src/crank.rs:314:12
[INFO] [stdout]     |
[INFO] [stdout] 314 |         Ok(round)
[INFO] [stdout]     |         -- ^^^^^ expected `RoundAccount`, found `Box<RoundAccount>`
[INFO] [stdout]     |         |
[INFO] [stdout]     |         arguments to this enum variant are incorrect
[INFO] [stdout]     |
[INFO] [stdout]     = note: expected enum `RoundAccount`
[INFO] [stdout]              found struct `Box<RoundAccount>`
[INFO] [stdout] help: the type constructed contains `Box<RoundAccount>` due to the type of the argument passed
[INFO] [stdout]    --> crank/src/crank.rs:314:9
[INFO] [stdout]     |
[INFO] [stdout] 314 |         Ok(round)
[INFO] [stdout]     |         ^^^-----^
[INFO] [stdout]     |            |
[INFO] [stdout]     |            this argument influences the type of `Ok`
[INFO] [stdout] note: tuple variant defined here
[INFO] [stdout]    --> /rustc/40527f3e444fde1deb361751bdef9b9e11d1b971/library/core/src/result.rs:562:4
[INFO] [stdout] help: consider unboxing the value
[INFO] [stdout]     |
[INFO] [stdout] 314 |         Ok(*round)
[INFO] [stdout]     |            +
[INFO] [stdout] 
[INFO] [stdout] 
[INFO] [stdout] warning: unexpected `cfg` condition value: `custom-heap`
[INFO] [stdout]   --> program/src/lib.rs:21:1
[INFO] [stdout]    |
[INFO] [stdout] 21 | solana_program::entrypoint!(process_instruction);
[INFO] [stdout]    | ^^^^^^^^^^^^^^^^^^^^^^^^^^^^^^^^^^^^^^^^^^^^^^^^
[INFO] [stdout]    |
[INFO] [stdout]    = note: expected values for `feature` are: `default` and `no-entrypoint`
[INFO] [stdout]    = note: using a cfg inside a macro will use the cfgs from the destination crate and not the ones from the defining crate
[INFO] [stdout]    = help: try referring to `$crate::custom_heap_default` crate for guidance on how handle this unexpected cfg
[INFO] [stdout]    = note: see <https://doc.rust-lang.org/nightly/rustc/check-cfg/cargo-specifics.html> for more information about checking conditional configuration
[INFO] [stdout]    = note: `#[warn(unexpected_cfgs)]` on by default
[INFO] [stdout]    = note: this warning originates in the macro `$crate::custom_heap_default` which comes from the expansion of the macro `solana_program::entrypoint` (in Nightly builds, run with -Z macro-backtrace for more info)
[INFO] [stdout] 
[INFO] [stdout] 
[INFO] [stdout] warning: unexpected `cfg` condition value: `solana`
[INFO] [stdout]   --> program/src/lib.rs:21:1
[INFO] [stdout]    |
[INFO] [stdout] 21 | solana_program::entrypoint!(process_instruction);
[INFO] [stdout]    | ^^^^^^^^^^^^^^^^^^^^^^^^^^^^^^^^^^^^^^^^^^^^^^^^
[INFO] [stdout]    |
[INFO] [stdout]    = note: expected values for `target_os` are: `aix`, `amdhsa`, `android`, `cuda`, `cygwin`, `dragonfly`, `emscripten`, `espidf`, `freebsd`, `fuchsia`, `haiku`, `helenos`, `hermit`, `horizon`, `hurd`, `illumos`, `ios`, `l4re`, `linux`, `lynxos178`, `macos`, `managarm`, `motor`, `netbsd`, `none`, `nto`, `nuttx`, `openbsd`, `ps3`, `psp`, `psx`, `qnx`, `qurt`, `redox`, and `rtems` and 16 more
[INFO] [stdout]    = note: using a cfg inside a macro will use the cfgs from the destination crate and not the ones from the defining crate
[INFO] [stdout]    = help: try referring to `$crate::custom_heap_default` crate for guidance on how handle this unexpected cfg
[INFO] [stdout]    = note: see <https://doc.rust-lang.org/nightly/rustc/check-cfg/cargo-specifics.html> for more information about checking conditional configuration
[INFO] [stdout]    = note: this warning originates in the macro `$crate::custom_heap_default` which comes from the expansion of the macro `solana_program::entrypoint` (in Nightly builds, run with -Z macro-backtrace for more info)
[INFO] [stdout] 
[INFO] [stdout] 
[INFO] [stdout] warning: unexpected `cfg` condition value: `custom-panic`
[INFO] [stdout]   --> program/src/lib.rs:21:1
[INFO] [stdout]    |
[INFO] [stdout] 21 | solana_program::entrypoint!(process_instruction);
[INFO] [stdout]    | ^^^^^^^^^^^^^^^^^^^^^^^^^^^^^^^^^^^^^^^^^^^^^^^^
[INFO] [stdout]    |
[INFO] [stdout]    = note: expected values for `feature` are: `default` and `no-entrypoint`
[INFO] [stdout]    = note: using a cfg inside a macro will use the cfgs from the destination crate and not the ones from the defining crate
[INFO] [stdout]    = help: try referring to `$crate::custom_panic_default` crate for guidance on how handle this unexpected cfg
[INFO] [stdout]    = note: see <https://doc.rust-lang.org/nightly/rustc/check-cfg/cargo-specifics.html> for more information about checking conditional configuration
[INFO] [stdout]    = note: this warning originates in the macro `$crate::custom_panic_default` which comes from the expansion of the macro `solana_program::entrypoint` (in Nightly builds, run with -Z macro-backtrace for more info)
[INFO] [stdout] 
[INFO] [stdout] 
[INFO] [stdout] warning: unexpected `cfg` condition value: `solana`
[INFO] [stdout]   --> program/src/lib.rs:21:1
[INFO] [stdout]    |
[INFO] [stdout] 21 | solana_program::entrypoint!(process_instruction);
[INFO] [stdout]    | ^^^^^^^^^^^^^^^^^^^^^^^^^^^^^^^^^^^^^^^^^^^^^^^^
[INFO] [stdout]    |
[INFO] [stdout]    = note: expected values for `target_os` are: `aix`, `amdhsa`, `android`, `cuda`, `cygwin`, `dragonfly`, `emscripten`, `espidf`, `freebsd`, `fuchsia`, `haiku`, `helenos`, `hermit`, `horizon`, `hurd`, `illumos`, `ios`, `l4re`, `linux`, `lynxos178`, `macos`, `managarm`, `motor`, `netbsd`, `none`, `nto`, `nuttx`, `openbsd`, `ps3`, `psp`, `psx`, `qnx`, `qurt`, `redox`, and `rtems` and 16 more
[INFO] [stdout]    = note: using a cfg inside a macro will use the cfgs from the destination crate and not the ones from the defining crate
[INFO] [stdout]    = help: try referring to `$crate::custom_panic_default` crate for guidance on how handle this unexpected cfg
[INFO] [stdout]    = note: see <https://doc.rust-lang.org/nightly/rustc/check-cfg/cargo-specifics.html> for more information about checking conditional configuration
[INFO] [stdout]    = note: this warning originates in the macro `$crate::custom_panic_default` which comes from the expansion of the macro `solana_program::entrypoint` (in Nightly builds, run with -Z macro-backtrace for more info)
[INFO] [stdout] 
[INFO] [stdout] 
[INFO] [stdout] warning: unused imports: `consts::FEE_COLLECTOR`, `managed_miner_auth_pda`, and `strategy_deployer_pda`
[INFO] [stdout]  --> program/tests/strat_common/mod.rs:2:5
[INFO] [stdout]   |
[INFO] [stdout] 2 |     consts::FEE_COLLECTOR,
[INFO] [stdout]   |     ^^^^^^^^^^^^^^^^^^^^^
[INFO] [stdout] ...
[INFO] [stdout] 9 |         managed_miner_auth_pda, strategy_deployer_pda, EvoreAccount, Manager, StrategyDeployer,
[INFO] [stdout]   |         ^^^^^^^^^^^^^^^^^^^^^^  ^^^^^^^^^^^^^^^^^^^^^
[INFO] [stdout]   |
[INFO] [stdout]   = note: `#[warn(unused_imports)]` (part of `#[warn(unused)]`) on by default
[INFO] [stdout] 
[INFO] [stdout] 
[INFO] [stdout] warning: unused imports: `consts::FEE_COLLECTOR`, `managed_miner_auth_pda`, and `strategy_deployer_pda`
[INFO] [stdout]  --> program/tests/strat_common/mod.rs:2:5
[INFO] [stdout]   |
[INFO] [stdout] 2 |     consts::FEE_COLLECTOR,
[INFO] [stdout]   |     ^^^^^^^^^^^^^^^^^^^^^
[INFO] [stdout] ...
[INFO] [stdout] 9 |         managed_miner_auth_pda, strategy_deployer_pda, EvoreAccount, Manager, StrategyDeployer,
[INFO] [stdout]   |         ^^^^^^^^^^^^^^^^^^^^^^  ^^^^^^^^^^^^^^^^^^^^^
[INFO] [stdout]   |
[INFO] [stdout]   = note: `#[warn(unused_imports)]` (part of `#[warn(unused)]`) on by default
[INFO] [stdout] 
[INFO] [stdout] 
[INFO] [stdout] warning: unused import: `strategy_deployer_pda`
[INFO] [stdout]  --> program/tests/strat_autodeploy_percentage.rs:6:44
[INFO] [stdout]   |
[INFO] [stdout] 6 | use evore::state::{managed_miner_auth_pda, strategy_deployer_pda};
[INFO] [stdout]   |                                            ^^^^^^^^^^^^^^^^^^^^^
[INFO] [stdout] 
[INFO] [stdout] 
[INFO] [stdout] warning: unused import: `evore::ore_api::miner_pda`
[INFO] [stdout]  --> program/tests/strat_security.rs:9:5
[INFO] [stdout]   |
[INFO] [stdout] 9 | use evore::ore_api::miner_pda;
[INFO] [stdout]   |     ^^^^^^^^^^^^^^^^^^^^^^^^^
[INFO] [stdout] 
[INFO] [stdout] 
[INFO] [stdout] warning: unused imports: `consts::FEE_COLLECTOR`, `managed_miner_auth_pda`, and `strategy_deployer_pda`
[INFO] [stdout]  --> program/tests/strat_common/mod.rs:2:5
[INFO] [stdout]   |
[INFO] [stdout] 2 |     consts::FEE_COLLECTOR,
[INFO] [stdout]   |     ^^^^^^^^^^^^^^^^^^^^^
[INFO] [stdout] ...
[INFO] [stdout] 9 |         managed_miner_auth_pda, strategy_deployer_pda, EvoreAccount, Manager, StrategyDeployer,
[INFO] [stdout]   |         ^^^^^^^^^^^^^^^^^^^^^^  ^^^^^^^^^^^^^^^^^^^^^
[INFO] [stdout]   |
[INFO] [stdout]   = note: `#[warn(unused_imports)]` (part of `#[warn(unused)]`) on by default
[INFO] [stdout] 
[INFO] [stdout] 
[INFO] [stdout] warning: unused imports: `consts::FEE_COLLECTOR`, `managed_miner_auth_pda`, and `strategy_deployer_pda`
[INFO] [stdout]  --> program/tests/strat_common/mod.rs:2:5
[INFO] [stdout]   |
[INFO] [stdout] 2 |     consts::FEE_COLLECTOR,
[INFO] [stdout]   |     ^^^^^^^^^^^^^^^^^^^^^
[INFO] [stdout] ...
[INFO] [stdout] 9 |         managed_miner_auth_pda, strategy_deployer_pda, EvoreAccount, Manager, StrategyDeployer,
[INFO] [stdout]   |         ^^^^^^^^^^^^^^^^^^^^^^  ^^^^^^^^^^^^^^^^^^^^^
[INFO] [stdout]   |
[INFO] [stdout]   = note: `#[warn(unused_imports)]` (part of `#[warn(unused)]`) on by default
[INFO] [stdout] 
[INFO] [stdout] 
[INFO] [stdout] warning: unused import: `evore::ore_api::miner_pda`
[INFO] [stdout]  --> program/tests/strat_autodeploy_ev.rs:6:5
[INFO] [stdout]   |
[INFO] [stdout] 6 | use evore::ore_api::miner_pda;
[INFO] [stdout]   |     ^^^^^^^^^^^^^^^^^^^^^^^^^
[INFO] [stdout] 
[INFO] [stdout] 
[INFO] [stdout] warning: unused import: `strategy_deployer_pda`
[INFO] [stdout]  --> program/tests/strat_autodeploy_ev.rs:7:44
[INFO] [stdout]   |
[INFO] [stdout] 7 | use evore::state::{managed_miner_auth_pda, strategy_deployer_pda};
[INFO] [stdout]   |                                            ^^^^^^^^^^^^^^^^^^^^^
[INFO] [stdout] 
[INFO] [stdout] 
[INFO] [stdout] warning: constant `TEST_ROUND_ID` is never used
[INFO] [stdout]   --> program/tests/strat_common/mod.rs:20:11
[INFO] [stdout]    |
[INFO] [stdout] 20 | pub const TEST_ROUND_ID: u64 = 70149;
[INFO] [stdout]    |           ^^^^^^^^^^^^^
[INFO] [stdout]    |
[INFO] [stdout]    = note: `#[warn(dead_code)]` (part of `#[warn(unused)]`) on by default
[INFO] [stdout] 
[INFO] [stdout] 
[INFO] [stdout] warning: function `add_strat_deployer_account` is never used
[INFO] [stdout]   --> program/tests/strat_common/mod.rs:85:8
[INFO] [stdout]    |
[INFO] [stdout] 85 | pub fn add_strat_deployer_account(
[INFO] [stdout]    |        ^^^^^^^^^^^^^^^^^^^^^^^^^^
[INFO] [stdout] 
[INFO] [stdout] 
[INFO] [stdout] warning: function `fund_account` is never used
[INFO] [stdout]    --> program/tests/strat_common/mod.rs:128:8
[INFO] [stdout]     |
[INFO] [stdout] 128 | pub fn fund_account(program_test: &mut ProgramTest, pubkey: Pubkey, lamports: u64) {
[INFO] [stdout]     |        ^^^^^^^^^^^^
[INFO] [stdout] 
[INFO] [stdout] 
[INFO] [stdout] warning: function `add_ore_miner_account` is never used
[INFO] [stdout]    --> program/tests/strat_common/mod.rs:235:8
[INFO] [stdout]     |
[INFO] [stdout] 235 | pub fn add_ore_miner_account(
[INFO] [stdout]     |        ^^^^^^^^^^^^^^^^^^^^^
[INFO] [stdout] 
[INFO] [stdout] 
[INFO] [stdout] warning: function `ev_strategy_data` is never used
[INFO] [stdout]    --> program/tests/strat_common/mod.rs:418:8
[INFO] [stdout]     |
[INFO] [stdout] 418 | pub fn ev_strategy_data(
[INFO] [stdout]     |        ^^^^^^^^^^^^^^^^
[INFO] [stdout] 
[INFO] [stdout] 
[INFO] [stdout] warning: function `manual_strategy_data` is never used
[INFO] [stdout]    --> program/tests/strat_common/mod.rs:446:8
[INFO] [stdout]     |
[INFO] [stdout] 446 | pub fn manual_strategy_data() -> [u8; 64] {
[INFO] [stdout]     |        ^^^^^^^^^^^^^^^^^^^^
[INFO] [stdout] 
[INFO] [stdout] 
[INFO] [stdout] warning: function `split_strategy_data` is never used
[INFO] [stdout]    --> program/tests/strat_common/mod.rs:450:8
[INFO] [stdout]     |
[INFO] [stdout] 450 | pub fn split_strategy_data(motherlode_min: u64, motherlode_max: u64) -> [u8; 64] {
[INFO] [stdout]     |        ^^^^^^^^^^^^^^^^^^^
[INFO] [stdout] 
[INFO] [stdout] 
[INFO] [stdout] warning: function `dsp_strategy_data` is never used
[INFO] [stdout]    --> program/tests/strat_common/mod.rs:457:8
[INFO] [stdout]     |
[INFO] [stdout] 457 | pub fn dsp_strategy_data(
[INFO] [stdout]     |        ^^^^^^^^^^^^^^^^^
[INFO] [stdout] 
[INFO] [stdout] 
[INFO] [stdout] warning: function `dynev_strategy_data` is never used
[INFO] [stdout]    --> program/tests/strat_common/mod.rs:471:8
[INFO] [stdout]     |
[INFO] [stdout] 471 | pub fn dynev_strategy_data(
[INFO] [stdout]     |        ^^^^^^^^^^^^^^^^^^^
[INFO] [stdout] 
[INFO] [stdout] 
[INFO] [stdout] warning: function `get_strat_deployer_state` is never used
[INFO] [stdout]    --> program/tests/strat_common/mod.rs:489:14
[INFO] [stdout]     |
[INFO] [stdout] 489 | pub async fn get_strat_deployer_state(
[INFO] [stdout]     |              ^^^^^^^^^^^^^^^^^^^^^^^^
[INFO] [stdout] 
[INFO] [stdout] 
[INFO] [stdout] warning: constant `TEST_ROUND_ID` is never used
[INFO] [stdout]   --> program/tests/strat_common/mod.rs:20:11
[INFO] [stdout]    |
[INFO] [stdout] 20 | pub const TEST_ROUND_ID: u64 = 70149;
[INFO] [stdout]    |           ^^^^^^^^^^^^^
[INFO] [stdout]    |
[INFO] [stdout]    = note: `#[warn(dead_code)]` (part of `#[warn(unused)]`) on by default
[INFO] [stdout] 
[INFO] [stdout] 
[INFO] [stdout] warning: function `setup_programs` is never used
[INFO] [stdout]   --> program/tests/strat_common/mod.rs:26:8
[INFO] [stdout]    |
[INFO] [stdout] 26 | pub fn setup_programs() -> ProgramTest {
[INFO] [stdout]    |        ^^^^^^^^^^^^^^
[INFO] [stdout] 
[INFO] [stdout] 
[INFO] [stdout] warning: function `add_manager_account` is never used
[INFO] [stdout]   --> program/tests/strat_common/mod.rs:61:8
[INFO] [stdout]    |
[INFO] [stdout] 61 | pub fn add_manager_account(
[INFO] [stdout]    |        ^^^^^^^^^^^^^^^^^^^
[INFO] [stdout] 
[INFO] [stdout] 
[INFO] [stdout] warning: function `add_strat_deployer_account` is never used
[INFO] [stdout]   --> program/tests/strat_common/mod.rs:85:8
[INFO] [stdout]    |
[INFO] [stdout] 85 | pub fn add_strat_deployer_account(
[INFO] [stdout]    |        ^^^^^^^^^^^^^^^^^^^^^^^^^^
[INFO] [stdout] 
[INFO] [stdout] 
[INFO] [stdout] warning: function `fund_account` is never used
[INFO] [stdout]    --> program/tests/strat_common/mod.rs:128:8
[INFO] [stdout]     |
[INFO] [stdout] 128 | pub fn fund_account(program_test: &mut ProgramTest, pubkey: Pubkey, lamports: u64) {
[INFO] [stdout]     |        ^^^^^^^^^^^^
[INFO] [stdout] 
[INFO] [stdout] 
[INFO] [stdout] warning: function `add_autodeploy_balance` is never used
[INFO] [stdout]    --> program/tests/strat_common/mod.rs:141:8
[INFO] [stdout]     |
[INFO] [stdout] 141 | pub fn add_autodeploy_balance(
[INFO] [stdout]     |        ^^^^^^^^^^^^^^^^^^^^^^
[INFO] [stdout] 
[INFO] [stdout] 
[INFO] [stdout] warning: function `add_board_account` is never used
[INFO] [stdout]    --> program/tests/strat_common/mod.rs:162:8
[INFO] [stdout]     |
[INFO] [stdout] 162 | pub fn add_board_account(
[INFO] [stdout]     |        ^^^^^^^^^^^^^^^^^
[INFO] [stdout] 
[INFO] [stdout] 
[INFO] [stdout] warning: function `add_round_account` is never used
[INFO] [stdout]    --> program/tests/strat_common/mod.rs:195:8
[INFO] [stdout]     |
[INFO] [stdout] 195 | pub fn add_round_account(
[INFO] [stdout]     |        ^^^^^^^^^^^^^^^^^
[INFO] [stdout] 
[INFO] [stdout] 
[INFO] [stdout] warning: function `add_ore_miner_account` is never used
[INFO] [stdout]    --> program/tests/strat_common/mod.rs:235:8
[INFO] [stdout]     |
[INFO] [stdout] 235 | pub fn add_ore_miner_account(
[INFO] [stdout]     |        ^^^^^^^^^^^^^^^^^^^^^
[INFO] [stdout] 
[INFO] [stdout] 
[INFO] [stdout] warning: function `add_entropy_var_account` is never used
[INFO] [stdout]    --> program/tests/strat_common/mod.rs:279:8
[INFO] [stdout]     |
[INFO] [stdout] 279 | pub fn add_entropy_var_account(program_test: &mut ProgramTest, board_address: Pubkey, end_at: u64) {
[INFO] [stdout]     |        ^^^^^^^^^^^^^^^^^^^^^^^
[INFO] [stdout] 
[INFO] [stdout] 
[INFO] [stdout] warning: function `add_treasury_account` is never used
[INFO] [stdout]    --> program/tests/strat_common/mod.rs:311:8
[INFO] [stdout]     |
[INFO] [stdout] 311 | pub fn add_treasury_account(program_test: &mut ProgramTest) {
[INFO] [stdout]     |        ^^^^^^^^^^^^^^^^^^^^
[INFO] [stdout] 
[INFO] [stdout] 
[INFO] [stdout] warning: function `add_mint_account` is never used
[INFO] [stdout]    --> program/tests/strat_common/mod.rs:325:8
[INFO] [stdout]     |
[INFO] [stdout] 325 | pub fn add_mint_account(program_test: &mut ProgramTest) {
[INFO] [stdout]     |        ^^^^^^^^^^^^^^^^
[INFO] [stdout] 
[INFO] [stdout] 
[INFO] [stdout] warning: function `add_treasury_ata_account` is never used
[INFO] [stdout]    --> program/tests/strat_common/mod.rs:339:8
[INFO] [stdout]     |
[INFO] [stdout] 339 | pub fn add_treasury_ata_account(program_test: &mut ProgramTest) {
[INFO] [stdout]     |        ^^^^^^^^^^^^^^^^^^^^^^^^
[INFO] [stdout] 
[INFO] [stdout] 
[INFO] [stdout] warning: function `add_config_account` is never used
[INFO] [stdout]    --> program/tests/strat_common/mod.rs:356:8
[INFO] [stdout]     |
[INFO] [stdout] 356 | pub fn add_config_account(program_test: &mut ProgramTest) {
[INFO] [stdout]     |        ^^^^^^^^^^^^^^^^^^
[INFO] [stdout] 
[INFO] [stdout] 
[INFO] [stdout] warning: function `setup_strat_deploy_test_accounts` is never used
[INFO] [stdout]    --> program/tests/strat_common/mod.rs:374:8
[INFO] [stdout]     |
[INFO] [stdout] 374 | pub fn setup_strat_deploy_test_accounts(
[INFO] [stdout]     |        ^^^^^^^^^^^^^^^^^^^^^^^^^^^^^^^^
[INFO] [stdout] 
[INFO] [stdout] 
[INFO] [stdout] warning: function `ev_strategy_data` is never used
[INFO] [stdout]    --> program/tests/strat_common/mod.rs:418:8
[INFO] [stdout]     |
[INFO] [stdout] 418 | pub fn ev_strategy_data(
[INFO] [stdout]     |        ^^^^^^^^^^^^^^^^
[INFO] [stdout] 
[INFO] [stdout] 
[INFO] [stdout] warning: function `percentage_strategy_data` is never used
[INFO] [stdout]    --> program/tests/strat_common/mod.rs:432:8
[INFO] [stdout]     |
[INFO] [stdout] 432 | pub fn percentage_strategy_data(
[INFO] [stdout]     |        ^^^^^^^^^^^^^^^^^^^^^^^^
[INFO] [stdout] 
[INFO] [stdout] 
[INFO] [stdout] warning: function `manual_strategy_data` is never used
[INFO] [stdout]    --> program/tests/strat_common/mod.rs:446:8
[INFO] [stdout]     |
[INFO] [stdout] 446 | pub fn manual_strategy_data() -> [u8; 64] {
[INFO] [stdout]     |        ^^^^^^^^^^^^^^^^^^^^
[INFO] [stdout] 
[INFO] [stdout] 
[INFO] [stdout] warning: function `split_strategy_data` is never used
[INFO] [stdout]    --> program/tests/strat_common/mod.rs:450:8
[INFO] [stdout]     |
[INFO] [stdout] 450 | pub fn split_strategy_data(motherlode_min: u64, motherlode_max: u64) -> [u8; 64] {
[INFO] [stdout]     |        ^^^^^^^^^^^^^^^^^^^
[INFO] [stdout] 
[INFO] [stdout] 
[INFO] [stdout] warning: function `dsp_strategy_data` is never used
[INFO] [stdout]    --> program/tests/strat_common/mod.rs:457:8
[INFO] [stdout]     |
[INFO] [stdout] 457 | pub fn dsp_strategy_data(
[INFO] [stdout]     |        ^^^^^^^^^^^^^^^^^
[INFO] [stdout] 
[INFO] [stdout] 
[INFO] [stdout] warning: function `dynev_strategy_data` is never used
[INFO] [stdout]    --> program/tests/strat_common/mod.rs:471:8
[INFO] [stdout]     |
[INFO] [stdout] 471 | pub fn dynev_strategy_data(
[INFO] [stdout]     |        ^^^^^^^^^^^^^^^^^^^
[INFO] [stdout] 
[INFO] [stdout] 
[INFO] [stdout] warning: function `get_strat_deployer_state` is never used
[INFO] [stdout]    --> program/tests/strat_common/mod.rs:489:14
[INFO] [stdout]     |
[INFO] [stdout] 489 | pub async fn get_strat_deployer_state(
[INFO] [stdout]     |              ^^^^^^^^^^^^^^^^^^^^^^^^
[INFO] [stdout] 
[INFO] [stdout] 
[INFO] [stdout] warning: function `send_transaction` is never used
[INFO] [stdout]    --> program/tests/strat_common/mod.rs:501:14
[INFO] [stdout]     |
[INFO] [stdout] 501 | pub async fn send_transaction(
[INFO] [stdout]     |              ^^^^^^^^^^^^^^^^
[INFO] [stdout] 
[INFO] [stdout] 
[INFO] [stdout] warning: unused variable: `mma_pda`
[INFO] [stdout]    --> program/tests/strat_security.rs:189:72
[INFO] [stdout]     |
[INFO] [stdout] 189 |     let (mut context, _authority, _deploy_authority, manager, _sd_pda, mma_pda) =
[INFO] [stdout]     |                                                                        ^^^^^^^ help: if this is intentional, prefix it with an underscore: `_mma_pda`
[INFO] [stdout]     |
[INFO] [stdout]     = note: `#[warn(unused_variables)]` (part of `#[warn(unused)]`) on by default
[INFO] [stdout] 
[INFO] [stdout] 
[INFO] [stdout] warning: constant `TEST_ROUND_ID` is never used
[INFO] [stdout]   --> program/tests/strat_common/mod.rs:20:11
[INFO] [stdout]    |
[INFO] [stdout] 20 | pub const TEST_ROUND_ID: u64 = 70149;
[INFO] [stdout]    |           ^^^^^^^^^^^^^
[INFO] [stdout]    |
[INFO] [stdout]    = note: `#[warn(dead_code)]` (part of `#[warn(unused)]`) on by default
[INFO] [stdout] 
[INFO] [stdout] 
[INFO] [stdout] warning: unused variable: `mma_pda`
[INFO] [stdout]   --> program/tests/strat_autodeploy_ev.rs:92:50
[INFO] [stdout]    |
[INFO] [stdout] 92 |     let (mut context, deploy_authority, manager, mma_pda, auth_id) = setup_ev_test(
[INFO] [stdout]    |                                                  ^^^^^^^ help: if this is intentional, prefix it with an underscore: `_mma_pda`
[INFO] [stdout]    |
[INFO] [stdout]    = note: `#[warn(unused_variables)]` (part of `#[warn(unused)]`) on by default
[INFO] [stdout] 
[INFO] [stdout] 
[INFO] [stdout] warning: function `fund_account` is never used
[INFO] [stdout]    --> program/tests/strat_common/mod.rs:128:8
[INFO] [stdout]     |
[INFO] [stdout] 128 | pub fn fund_account(program_test: &mut ProgramTest, pubkey: Pubkey, lamports: u64) {
[INFO] [stdout]     |        ^^^^^^^^^^^^
[INFO] [stdout] 
[INFO] [stdout] 
[INFO] [stdout] warning: unused variable: `mma_pda`
[INFO] [stdout]    --> program/tests/strat_autodeploy_ev.rs:124:50
[INFO] [stdout]     |
[INFO] [stdout] 124 |     let (mut context, deploy_authority, manager, mma_pda, auth_id) = setup_ev_test(
[INFO] [stdout]     |                                                  ^^^^^^^ help: if this is intentional, prefix it with an underscore: `_mma_pda`
[INFO] [stdout] 
[INFO] [stdout] 
[INFO] [stdout] warning: function `ev_strategy_data` is never used
[INFO] [stdout]    --> program/tests/strat_common/mod.rs:418:8
[INFO] [stdout]     |
[INFO] [stdout] 418 | pub fn ev_strategy_data(
[INFO] [stdout]     |        ^^^^^^^^^^^^^^^^
[INFO] [stdout] 
[INFO] [stdout] 
[INFO] [stdout] warning: constant `TEST_ROUND_ID` is never used
[INFO] [stdout]   --> program/tests/strat_common/mod.rs:20:11
[INFO] [stdout]    |
[INFO] [stdout] 20 | pub const TEST_ROUND_ID: u64 = 70149;
[INFO] [stdout]    |           ^^^^^^^^^^^^^
[INFO] [stdout]    |
[INFO] [stdout]    = note: `#[warn(dead_code)]` (part of `#[warn(unused)]`) on by default
[INFO] [stdout] 
[INFO] [stdout] 
[INFO] [stdout] warning: function `add_strat_deployer_account` is never used
[INFO] [stdout]   --> program/tests/strat_common/mod.rs:85:8
[INFO] [stdout]    |
[INFO] [stdout] 85 | pub fn add_strat_deployer_account(
[INFO] [stdout]    |        ^^^^^^^^^^^^^^^^^^^^^^^^^^
[INFO] [stdout] 
[INFO] [stdout] 
[INFO] [stdout] warning: function `fund_account` is never used
[INFO] [stdout]    --> program/tests/strat_common/mod.rs:128:8
[INFO] [stdout]     |
[INFO] [stdout] 128 | pub fn fund_account(program_test: &mut ProgramTest, pubkey: Pubkey, lamports: u64) {
[INFO] [stdout]     |        ^^^^^^^^^^^^
[INFO] [stdout] 
[INFO] [stdout] 
[INFO] [stdout] warning: function `percentage_strategy_data` is never used
[INFO] [stdout]    --> program/tests/strat_common/mod.rs:432:8
[INFO] [stdout]     |
[INFO] [stdout] 432 | pub fn percentage_strategy_data(
[INFO] [stdout]     |        ^^^^^^^^^^^^^^^^^^^^^^^^
[INFO] [stdout] 
[INFO] [stdout] 
[INFO] [stdout] warning: function `split_strategy_data` is never used
[INFO] [stdout]    --> program/tests/strat_common/mod.rs:450:8
[INFO] [stdout]     |
[INFO] [stdout] 450 | pub fn split_strategy_data(motherlode_min: u64, motherlode_max: u64) -> [u8; 64] {
[INFO] [stdout]     |        ^^^^^^^^^^^^^^^^^^^
[INFO] [stdout] 
[INFO] [stdout] 
[INFO] [stdout] warning: function `dsp_strategy_data` is never used
[INFO] [stdout]    --> program/tests/strat_common/mod.rs:457:8
[INFO] [stdout]     |
[INFO] [stdout] 457 | pub fn dsp_strategy_data(
[INFO] [stdout]     |        ^^^^^^^^^^^^^^^^^
[INFO] [stdout] 
[INFO] [stdout] 
[INFO] [stdout] warning: function `dynev_strategy_data` is never used
[INFO] [stdout]    --> program/tests/strat_common/mod.rs:471:8
[INFO] [stdout]     |
[INFO] [stdout] 471 | pub fn dynev_strategy_data(
[INFO] [stdout]     |        ^^^^^^^^^^^^^^^^^^^
[INFO] [stdout] 
[INFO] [stdout] 
[INFO] [stdout] warning: function `get_strat_deployer_state` is never used
[INFO] [stdout]    --> program/tests/strat_common/mod.rs:489:14
[INFO] [stdout]     |
[INFO] [stdout] 489 | pub async fn get_strat_deployer_state(
[INFO] [stdout]     |              ^^^^^^^^^^^^^^^^^^^^^^^^
[INFO] [stdout] 
[INFO] [stdout] 
[INFO] [stdout] warning: function `add_ore_miner_account` is never used
[INFO] [stdout]    --> program/tests/strat_common/mod.rs:235:8
[INFO] [stdout]     |
[INFO] [stdout] 235 | pub fn add_ore_miner_account(
[INFO] [stdout]     |        ^^^^^^^^^^^^^^^^^^^^^
[INFO] [stdout] 
[INFO] [stdout] 
[INFO] [stdout] warning: function `percentage_strategy_data` is never used
[INFO] [stdout]    --> program/tests/strat_common/mod.rs:432:8
[INFO] [stdout]     |
[INFO] [stdout] 432 | pub fn percentage_strategy_data(
[INFO] [stdout]     |        ^^^^^^^^^^^^^^^^^^^^^^^^
[INFO] [stdout] 
[INFO] [stdout] 
[INFO] [stdout] warning: function `manual_strategy_data` is never used
[INFO] [stdout]    --> program/tests/strat_common/mod.rs:446:8
[INFO] [stdout]     |
[INFO] [stdout] 446 | pub fn manual_strategy_data() -> [u8; 64] {
[INFO] [stdout]     |        ^^^^^^^^^^^^^^^^^^^^
[INFO] [stdout] 
[INFO] [stdout] 
[INFO] [stdout] warning: function `split_strategy_data` is never used
[INFO] [stdout]    --> program/tests/strat_common/mod.rs:450:8
[INFO] [stdout]     |
[INFO] [stdout] 450 | pub fn split_strategy_data(motherlode_min: u64, motherlode_max: u64) -> [u8; 64] {
[INFO] [stdout]     |        ^^^^^^^^^^^^^^^^^^^
[INFO] [stdout] 
[INFO] [stdout] 
[INFO] [stdout] warning: function `dsp_strategy_data` is never used
[INFO] [stdout]    --> program/tests/strat_common/mod.rs:457:8
[INFO] [stdout]     |
[INFO] [stdout] 457 | pub fn dsp_strategy_data(
[INFO] [stdout]     |        ^^^^^^^^^^^^^^^^^
[INFO] [stdout] 
[INFO] [stdout] 
[INFO] [stdout] warning: function `dynev_strategy_data` is never used
[INFO] [stdout]    --> program/tests/strat_common/mod.rs:471:8
[INFO] [stdout]     |
[INFO] [stdout] 471 | pub fn dynev_strategy_data(
[INFO] [stdout]     |        ^^^^^^^^^^^^^^^^^^^
[INFO] [stdout] 
[INFO] [stdout] 
[INFO] [stdout] warning: function `get_strat_deployer_state` is never used
[INFO] [stdout]    --> program/tests/strat_common/mod.rs:489:14
[INFO] [stdout]     |
[INFO] [stdout] 489 | pub async fn get_strat_deployer_state(
[INFO] [stdout]     |              ^^^^^^^^^^^^^^^^^^^^^^^^
[INFO] [stdout] 
[INFO] [stdout] 
[INFO] [stdout] warning: use of deprecated module `solana_program::system_program`: Use `solana_sdk_ids::system_program` instead
[INFO] [stdout]  --> program/src/processor/process_checkpoint.rs:2:77
[INFO] [stdout]   |
[INFO] [stdout] 2 |     account_info::AccountInfo, program_error::ProgramError, pubkey::Pubkey, system_program,
[INFO] [stdout]   |                                                                             ^^^^^^^^^^^^^^
[INFO] [stdout]   |
[INFO] [stdout]   = note: `#[warn(deprecated)]` on by default
[INFO] [stdout] 
[INFO] [stdout] 
[INFO] [stdout] warning: use of deprecated module `solana_program::system_program`: Use `solana_sdk_ids::system_program` instead
[INFO] [stdout]  --> program/src/processor/process_create_deployer.rs:1:78
[INFO] [stdout]   |
[INFO] [stdout] 1 | use solana_program::{account_info::AccountInfo, program_error::ProgramError, system_program};
[INFO] [stdout]   |                                                                              ^^^^^^^^^^^^^^
[INFO] [stdout] 
[INFO] [stdout] 
[INFO] [stdout] warning: use of deprecated module `solana_program::system_program`: Use `solana_sdk_ids::system_program` instead
[INFO] [stdout]  --> program/src/processor/process_create_manager.rs:1:78
[INFO] [stdout]   |
[INFO] [stdout] 1 | use solana_program::{account_info::AccountInfo, program_error::ProgramError, system_program};
[INFO] [stdout]   |                                                                              ^^^^^^^^^^^^^^
[INFO] [stdout] 
[INFO] [stdout] 
[INFO] [stdout] warning: use of deprecated module `solana_program::system_program`: Use `solana_sdk_ids::system_program` instead
[INFO] [stdout]  --> program/src/processor/process_create_strat_deployer.rs:1:78
[INFO] [stdout]   |
[INFO] [stdout] 1 | use solana_program::{account_info::AccountInfo, program_error::ProgramError, system_program};
[INFO] [stdout]   |                                                                              ^^^^^^^^^^^^^^
[INFO] [stdout] 
[INFO] [stdout] 
[INFO] [stdout] warning: use of deprecated module `solana_program::system_program`: Use `solana_sdk_ids::system_program` instead
[INFO] [stdout]  --> program/src/processor/process_deposit_autodeploy_balance.rs:2:77
[INFO] [stdout]   |
[INFO] [stdout] 2 |     account_info::AccountInfo, program_error::ProgramError, pubkey::Pubkey, system_program,
[INFO] [stdout]   |                                                                             ^^^^^^^^^^^^^^
[INFO] [stdout] 
[INFO] [stdout] 
[INFO] [stdout] warning: use of deprecated module `solana_program::system_program`: Use `solana_sdk_ids::system_program` instead
[INFO] [stdout]  --> program/src/processor/process_mm_autocheckpoint.rs:2:77
[INFO] [stdout]   |
[INFO] [stdout] 2 |     account_info::AccountInfo, program_error::ProgramError, pubkey::Pubkey, system_program,
[INFO] [stdout]   |                                                                             ^^^^^^^^^^^^^^
[INFO] [stdout] 
[INFO] [stdout] 
[INFO] [stdout] warning: use of deprecated module `solana_program::system_program`: Use `solana_sdk_ids::system_program` instead
[INFO] [stdout]  --> program/src/processor/process_mm_autodeploy.rs:2:77
[INFO] [stdout]   |
[INFO] [stdout] 2 |     account_info::AccountInfo, program_error::ProgramError, pubkey::Pubkey, system_program,
[INFO] [stdout]   |                                                                             ^^^^^^^^^^^^^^
[INFO] [stdout] 
[INFO] [stdout] 
[INFO] [stdout] warning: use of deprecated module `solana_program::system_program`: Use `solana_sdk_ids::system_program` instead
[INFO] [stdout]  --> program/src/processor/process_mm_create_miner.rs:2:77
[INFO] [stdout]   |
[INFO] [stdout] 2 |     account_info::AccountInfo, program_error::ProgramError, pubkey::Pubkey, system_program,
[INFO] [stdout]   |                                                                             ^^^^^^^^^^^^^^
[INFO] [stdout] 
[INFO] [stdout] 
[INFO] [stdout] warning: use of deprecated module `solana_program::system_program`: Use `solana_sdk_ids::system_program` instead
[INFO] [stdout]  --> program/src/processor/process_mm_deploy.rs:6:5
[INFO] [stdout]   |
[INFO] [stdout] 6 |     system_program,
[INFO] [stdout]   |     ^^^^^^^^^^^^^^
[INFO] [stdout] 
[INFO] [stdout] 
[INFO] [stdout] warning: use of deprecated module `solana_program::system_program`: Use `solana_sdk_ids::system_program` instead
[INFO] [stdout]  --> program/src/processor/process_mm_full_autodeploy.rs:2:77
[INFO] [stdout]   |
[INFO] [stdout] 2 |     account_info::AccountInfo, program_error::ProgramError, pubkey::Pubkey, system_program,
[INFO] [stdout]   |                                                                             ^^^^^^^^^^^^^^
[INFO] [stdout] 
[INFO] [stdout] 
[INFO] [stdout] warning: use of deprecated module `solana_program::system_program`: Use `solana_sdk_ids::system_program` instead
[INFO] [stdout]  --> program/src/processor/process_mm_strat_autodeploy.rs:6:5
[INFO] [stdout]   |
[INFO] [stdout] 6 |     system_program,
[INFO] [stdout]   |     ^^^^^^^^^^^^^^
[INFO] [stdout] 
[INFO] [stdout] 
[INFO] [stdout] warning: use of deprecated module `solana_program::system_program`: Use `solana_sdk_ids::system_program` instead
[INFO] [stdout]  --> program/src/processor/process_mm_strat_full_autodeploy.rs:6:5
[INFO] [stdout]   |
[INFO] [stdout] 6 |     system_program,
[INFO] [stdout]   |     ^^^^^^^^^^^^^^
[INFO] [stdout] 
[INFO] [stdout] 
[INFO] [stdout] warning: use of deprecated module `solana_program::system_program`: Use `solana_sdk_ids::system_program` instead
[INFO] [stdout]  --> program/src/processor/process_recycle_sol.rs:2:77
[INFO] [stdout]   |
[INFO] [stdout] 2 |     account_info::AccountInfo, program_error::ProgramError, pubkey::Pubkey, system_program,
[INFO] [stdout]   |                                                                             ^^^^^^^^^^^^^^
[INFO] [stdout] 
[INFO] [stdout] 
[INFO] [stdout] warning: use of deprecated module `solana_program::system_program`: Use `solana_sdk_ids::system_program` instead
[INFO] [stdout]  --> program/src/processor/process_recycle_strat_sol.rs:2:77
[INFO] [stdout]   |
[INFO] [stdout] 2 |     account_info::AccountInfo, program_error::ProgramError, pubkey::Pubkey, system_program,
[INFO] [stdout]   |                                                                             ^^^^^^^^^^^^^^
[INFO] [stdout] 
[INFO] [stdout] 
[INFO] [stdout] warning: use of deprecated module `solana_program::system_program`: Use `solana_sdk_ids::system_program` instead
[INFO] [stdout]  --> program/src/processor/process_withdraw_autodeploy_balance.rs:2:77
[INFO] [stdout]   |
[INFO] [stdout] 2 |     account_info::AccountInfo, program_error::ProgramError, pubkey::Pubkey, system_program,
[INFO] [stdout]   |                                                                             ^^^^^^^^^^^^^^
[INFO] [stdout] 
[INFO] [stdout] 
[INFO] [stdout] warning: use of deprecated module `solana_program::system_program`: Use `solana_sdk_ids::system_program` instead
[INFO] [stdout]  --> program/src/processor/process_withdraw_tokens.rs:2:77
[INFO] [stdout]   |
[INFO] [stdout] 2 |     account_info::AccountInfo, program_error::ProgramError, pubkey::Pubkey, system_program,
[INFO] [stdout]   |                                                                             ^^^^^^^^^^^^^^
[INFO] [stdout] 
[INFO] [stdout] 
[INFO] [stdout] warning: unused imports: `consts::FEE_COLLECTOR`, `managed_miner_auth_pda`, and `strategy_deployer_pda`
[INFO] [stdout]  --> program/tests/strat_common/mod.rs:2:5
[INFO] [stdout]   |
[INFO] [stdout] 2 |     consts::FEE_COLLECTOR,
[INFO] [stdout]   |     ^^^^^^^^^^^^^^^^^^^^^
[INFO] [stdout] ...
[INFO] [stdout] 9 |         managed_miner_auth_pda, strategy_deployer_pda, EvoreAccount, Manager, StrategyDeployer,
[INFO] [stdout]   |         ^^^^^^^^^^^^^^^^^^^^^^  ^^^^^^^^^^^^^^^^^^^^^
[INFO] [stdout]   |
[INFO] [stdout]   = note: `#[warn(unused_imports)]` (part of `#[warn(unused)]`) on by default
[INFO] [stdout] 
[INFO] [stdout] 
[INFO] [stdout] warning: unused import: `strategy_deployer_pda`
[INFO] [stdout]  --> program/tests/strat_autocheckpoint.rs:7:44
[INFO] [stdout]   |
[INFO] [stdout] 7 | use evore::state::{managed_miner_auth_pda, strategy_deployer_pda};
[INFO] [stdout]   |                                            ^^^^^^^^^^^^^^^^^^^^^
[INFO] [stdout] 
[INFO] [stdout] 
[INFO] [stdout] warning: unused imports: `consts::FEE_COLLECTOR`, `managed_miner_auth_pda`, and `strategy_deployer_pda`
[INFO] [stdout]  --> program/tests/strat_common/mod.rs:2:5
[INFO] [stdout]   |
[INFO] [stdout] 2 |     consts::FEE_COLLECTOR,
[INFO] [stdout]   |     ^^^^^^^^^^^^^^^^^^^^^
[INFO] [stdout] ...
[INFO] [stdout] 9 |         managed_miner_auth_pda, strategy_deployer_pda, EvoreAccount, Manager, StrategyDeployer,
[INFO] [stdout]   |         ^^^^^^^^^^^^^^^^^^^^^^  ^^^^^^^^^^^^^^^^^^^^^
[INFO] [stdout]   |
[INFO] [stdout]   = note: `#[warn(unused_imports)]` (part of `#[warn(unused)]`) on by default
[INFO] [stdout] 
[INFO] [stdout] 
[INFO] [stdout] warning: unused import: `StrategyDeployer`
[INFO] [stdout]  --> program/tests/strat_create_deployer.rs:6:43
[INFO] [stdout]   |
[INFO] [stdout] 6 | use evore::state::{strategy_deployer_pda, StrategyDeployer};
[INFO] [stdout]   |                                           ^^^^^^^^^^^^^^^^
[INFO] [stdout] 
[INFO] [stdout] 
[INFO] [stdout] warning: unused import: `pubkey::Pubkey`
[INFO] [stdout]  --> program/tests/strat_create_deployer.rs:7:18
[INFO] [stdout]   |
[INFO] [stdout] 7 | use solana_sdk::{pubkey::Pubkey, signature::Keypair, signer::Signer};
[INFO] [stdout]   |                  ^^^^^^^^^^^^^^
[INFO] [stdout] 
[INFO] [stdout] 
[INFO] [stdout] warning: unused imports: `consts::FEE_COLLECTOR`, `managed_miner_auth_pda`, and `strategy_deployer_pda`
[INFO] [stdout]  --> program/tests/strat_common/mod.rs:2:5
[INFO] [stdout]   |
[INFO] [stdout] 2 |     consts::FEE_COLLECTOR,
[INFO] [stdout]   |     ^^^^^^^^^^^^^^^^^^^^^
[INFO] [stdout] ...
[INFO] [stdout] 9 |         managed_miner_auth_pda, strategy_deployer_pda, EvoreAccount, Manager, StrategyDeployer,
[INFO] [stdout]   |         ^^^^^^^^^^^^^^^^^^^^^^  ^^^^^^^^^^^^^^^^^^^^^
[INFO] [stdout]   |
[INFO] [stdout]   = note: `#[warn(unused_imports)]` (part of `#[warn(unused)]`) on by default
[INFO] [stdout] 
[INFO] [stdout] 
[INFO] [stdout] warning: unused import: `strategy_deployer_pda`
[INFO] [stdout]  --> program/tests/strat_autodeploy_dynev.rs:6:44
[INFO] [stdout]   |
[INFO] [stdout] 6 | use evore::state::{managed_miner_auth_pda, strategy_deployer_pda};
[INFO] [stdout]   |                                            ^^^^^^^^^^^^^^^^^^^^^
[INFO] [stdout] 
[INFO] [stdout] 
[INFO] [stdout] warning: unused imports: `consts::FEE_COLLECTOR`, `managed_miner_auth_pda`, and `strategy_deployer_pda`
[INFO] [stdout]  --> program/tests/strat_common/mod.rs:2:5
[INFO] [stdout]   |
[INFO] [stdout] 2 |     consts::FEE_COLLECTOR,
[INFO] [stdout]   |     ^^^^^^^^^^^^^^^^^^^^^
[INFO] [stdout] ...
[INFO] [stdout] 9 |         managed_miner_auth_pda, strategy_deployer_pda, EvoreAccount, Manager, StrategyDeployer,
[INFO] [stdout]   |         ^^^^^^^^^^^^^^^^^^^^^^  ^^^^^^^^^^^^^^^^^^^^^
[INFO] [stdout]   |
[INFO] [stdout]   = note: `#[warn(unused_imports)]` (part of `#[warn(unused)]`) on by default
[INFO] [stdout] 
[INFO] [stdout] 
[INFO] [stdout] warning: unused import: `evore::ore_api::miner_pda`
[INFO] [stdout]  --> program/tests/strat_recycle_sol.rs:6:5
[INFO] [stdout]   |
[INFO] [stdout] 6 | use evore::ore_api::miner_pda;
[INFO] [stdout]   |     ^^^^^^^^^^^^^^^^^^^^^^^^^
[INFO] [stdout] 
[INFO] [stdout] 
[INFO] [stdout] warning: unused import: `strategy_deployer_pda`
[INFO] [stdout]  --> program/tests/strat_recycle_sol.rs:7:44
[INFO] [stdout]   |
[INFO] [stdout] 7 | use evore::state::{managed_miner_auth_pda, strategy_deployer_pda};
[INFO] [stdout]   |                                            ^^^^^^^^^^^^^^^^^^^^^
[INFO] [stdout] 
[INFO] [stdout] 
[INFO] [stdout] warning: unused variable: `board`
[INFO] [stdout]   --> program/tests/strat_autocheckpoint.rs:30:9
[INFO] [stdout]    |
[INFO] [stdout] 30 |     let board = setup_strat_deploy_test_accounts(&mut program_test, TEST_ROUND_ID, 1, 500);
[INFO] [stdout]    |         ^^^^^ help: if this is intentional, prefix it with an underscore: `_board`
[INFO] [stdout]    |
[INFO] [stdout]    = note: `#[warn(unused_variables)]` (part of `#[warn(unused)]`) on by default
[INFO] [stdout] 
[INFO] [stdout] 
[INFO] [stdout] warning: unused variable: `mma_pda`
[INFO] [stdout]   --> program/tests/strat_autocheckpoint.rs:93:50
[INFO] [stdout]    |
[INFO] [stdout] 93 |     let (mut context, deploy_authority, manager, mma_pda, ore_miner, mma_bump) =
[INFO] [stdout]    |                                                  ^^^^^^^ help: if this is intentional, prefix it with an underscore: `_mma_pda`
[INFO] [stdout] 
[INFO] [stdout] 
[INFO] [stdout] warning: unused variable: `ore_miner`
[INFO] [stdout]   --> program/tests/strat_autocheckpoint.rs:93:59
[INFO] [stdout]    |
[INFO] [stdout] 93 |     let (mut context, deploy_authority, manager, mma_pda, ore_miner, mma_bump) =
[INFO] [stdout]    |                                                           ^^^^^^^^^ help: if this is intentional, prefix it with an underscore: `_ore_miner`
[INFO] [stdout] 
[INFO] [stdout] 
[INFO] [stdout] warning: function `add_strat_deployer_account` is never used
[INFO] [stdout]   --> program/tests/strat_common/mod.rs:85:8
[INFO] [stdout]    |
[INFO] [stdout] 85 | pub fn add_strat_deployer_account(
[INFO] [stdout]    |        ^^^^^^^^^^^^^^^^^^^^^^^^^^
[INFO] [stdout]    |
[INFO] [stdout]    = note: `#[warn(dead_code)]` (part of `#[warn(unused)]`) on by default
[INFO] [stdout] 
[INFO] [stdout] 
[INFO] [stdout] warning: function `fund_account` is never used
[INFO] [stdout]    --> program/tests/strat_common/mod.rs:128:8
[INFO] [stdout]     |
[INFO] [stdout] 128 | pub fn fund_account(program_test: &mut ProgramTest, pubkey: Pubkey, lamports: u64) {
[INFO] [stdout]     |        ^^^^^^^^^^^^
[INFO] [stdout] 
[INFO] [stdout] 
[INFO] [stdout] warning: function `ev_strategy_data` is never used
[INFO] [stdout]    --> program/tests/strat_common/mod.rs:418:8
[INFO] [stdout]     |
[INFO] [stdout] 418 | pub fn ev_strategy_data(
[INFO] [stdout]     |        ^^^^^^^^^^^^^^^^
[INFO] [stdout] 
[INFO] [stdout] 
[INFO] [stdout] warning: function `percentage_strategy_data` is never used
[INFO] [stdout]    --> program/tests/strat_common/mod.rs:432:8
[INFO] [stdout]     |
[INFO] [stdout] 432 | pub fn percentage_strategy_data(
[INFO] [stdout]     |        ^^^^^^^^^^^^^^^^^^^^^^^^
[INFO] [stdout] 
[INFO] [stdout] 
[INFO] [stdout] warning: function `split_strategy_data` is never used
[INFO] [stdout]    --> program/tests/strat_common/mod.rs:450:8
[INFO] [stdout]     |
[INFO] [stdout] 450 | pub fn split_strategy_data(motherlode_min: u64, motherlode_max: u64) -> [u8; 64] {
[INFO] [stdout]     |        ^^^^^^^^^^^^^^^^^^^
[INFO] [stdout] 
[INFO] [stdout] 
[INFO] [stdout] warning: function `dsp_strategy_data` is never used
[INFO] [stdout]    --> program/tests/strat_common/mod.rs:457:8
[INFO] [stdout]     |
[INFO] [stdout] 457 | pub fn dsp_strategy_data(
[INFO] [stdout]     |        ^^^^^^^^^^^^^^^^^
[INFO] [stdout] 
[INFO] [stdout] 
[INFO] [stdout] warning: function `dynev_strategy_data` is never used
[INFO] [stdout]    --> program/tests/strat_common/mod.rs:471:8
[INFO] [stdout]     |
[INFO] [stdout] 471 | pub fn dynev_strategy_data(
[INFO] [stdout]     |        ^^^^^^^^^^^^^^^^^^^
[INFO] [stdout] 
[INFO] [stdout] 
[INFO] [stdout] warning: function `get_strat_deployer_state` is never used
[INFO] [stdout]    --> program/tests/strat_common/mod.rs:489:14
[INFO] [stdout]     |
[INFO] [stdout] 489 | pub async fn get_strat_deployer_state(
[INFO] [stdout]     |              ^^^^^^^^^^^^^^^^^^^^^^^^
[INFO] [stdout] 
[INFO] [stdout] 
[INFO] [stdout] warning: constant `TEST_ROUND_ID` is never used
[INFO] [stdout]   --> program/tests/strat_common/mod.rs:20:11
[INFO] [stdout]    |
[INFO] [stdout] 20 | pub const TEST_ROUND_ID: u64 = 70149;
[INFO] [stdout]    |           ^^^^^^^^^^^^^
[INFO] [stdout]    |
[INFO] [stdout]    = note: `#[warn(dead_code)]` (part of `#[warn(unused)]`) on by default
[INFO] [stdout] 
[INFO] [stdout] 
[INFO] [stdout] warning: function `add_strat_deployer_account` is never used
[INFO] [stdout]   --> program/tests/strat_common/mod.rs:85:8
[INFO] [stdout]    |
[INFO] [stdout] 85 | pub fn add_strat_deployer_account(
[INFO] [stdout]    |        ^^^^^^^^^^^^^^^^^^^^^^^^^^
[INFO] [stdout] 
[INFO] [stdout] 
[INFO] [stdout] warning: function `add_autodeploy_balance` is never used
[INFO] [stdout]    --> program/tests/strat_common/mod.rs:141:8
[INFO] [stdout]     |
[INFO] [stdout] 141 | pub fn add_autodeploy_balance(
[INFO] [stdout]     |        ^^^^^^^^^^^^^^^^^^^^^^
[INFO] [stdout] 
[INFO] [stdout] 
[INFO] [stdout] warning: function `add_board_account` is never used
[INFO] [stdout]    --> program/tests/strat_common/mod.rs:162:8
[INFO] [stdout]     |
[INFO] [stdout] 162 | pub fn add_board_account(
[INFO] [stdout]     |        ^^^^^^^^^^^^^^^^^
[INFO] [stdout] 
[INFO] [stdout] 
[INFO] [stdout] warning: function `add_round_account` is never used
[INFO] [stdout]    --> program/tests/strat_common/mod.rs:195:8
[INFO] [stdout]     |
[INFO] [stdout] 195 | pub fn add_round_account(
[INFO] [stdout]     |        ^^^^^^^^^^^^^^^^^
[INFO] [stdout] 
[INFO] [stdout] 
[INFO] [stdout] warning: function `add_ore_miner_account` is never used
[INFO] [stdout]    --> program/tests/strat_common/mod.rs:235:8
[INFO] [stdout]     |
[INFO] [stdout] 235 | pub fn add_ore_miner_account(
[INFO] [stdout]     |        ^^^^^^^^^^^^^^^^^^^^^
[INFO] [stdout] 
[INFO] [stdout] 
[INFO] [stdout] warning: function `add_entropy_var_account` is never used
[INFO] [stdout]    --> program/tests/strat_common/mod.rs:279:8
[INFO] [stdout]     |
[INFO] [stdout] 279 | pub fn add_entropy_var_account(program_test: &mut ProgramTest, board_address: Pubkey, end_at: u64) {
[INFO] [stdout]     |        ^^^^^^^^^^^^^^^^^^^^^^^
[INFO] [stdout] 
[INFO] [stdout] 
[INFO] [stdout] warning: function `add_treasury_account` is never used
[INFO] [stdout]    --> program/tests/strat_common/mod.rs:311:8
[INFO] [stdout]     |
[INFO] [stdout] 311 | pub fn add_treasury_account(program_test: &mut ProgramTest) {
[INFO] [stdout]     |        ^^^^^^^^^^^^^^^^^^^^
[INFO] [stdout] 
[INFO] [stdout] 
[INFO] [stdout] warning: function `add_mint_account` is never used
[INFO] [stdout]    --> program/tests/strat_common/mod.rs:325:8
[INFO] [stdout]     |
[INFO] [stdout] 325 | pub fn add_mint_account(program_test: &mut ProgramTest) {
[INFO] [stdout]     |        ^^^^^^^^^^^^^^^^
[INFO] [stdout] 
[INFO] [stdout] 
[INFO] [stdout] warning: function `add_treasury_ata_account` is never used
[INFO] [stdout]    --> program/tests/strat_common/mod.rs:339:8
[INFO] [stdout]     |
[INFO] [stdout] 339 | pub fn add_treasury_ata_account(program_test: &mut ProgramTest) {
[INFO] [stdout]     |        ^^^^^^^^^^^^^^^^^^^^^^^^
[INFO] [stdout] 
[INFO] [stdout] 
[INFO] [stdout] warning: function `add_config_account` is never used
[INFO] [stdout]    --> program/tests/strat_common/mod.rs:356:8
[INFO] [stdout]     |
[INFO] [stdout] 356 | pub fn add_config_account(program_test: &mut ProgramTest) {
[INFO] [stdout]     |        ^^^^^^^^^^^^^^^^^^
[INFO] [stdout] 
[INFO] [stdout] 
[INFO] [stdout] warning: function `setup_strat_deploy_test_accounts` is never used
[INFO] [stdout]    --> program/tests/strat_common/mod.rs:374:8
[INFO] [stdout]     |
[INFO] [stdout] 374 | pub fn setup_strat_deploy_test_accounts(
[INFO] [stdout]     |        ^^^^^^^^^^^^^^^^^^^^^^^^^^^^^^^^
[INFO] [stdout] 
[INFO] [stdout] 
[INFO] [stdout] warning: function `percentage_strategy_data` is never used
[INFO] [stdout]    --> program/tests/strat_common/mod.rs:432:8
[INFO] [stdout]     |
[INFO] [stdout] 432 | pub fn percentage_strategy_data(
[INFO] [stdout]     |        ^^^^^^^^^^^^^^^^^^^^^^^^
[INFO] [stdout] 
[INFO] [stdout] 
[INFO] [stdout] warning: function `split_strategy_data` is never used
[INFO] [stdout]    --> program/tests/strat_common/mod.rs:450:8
[INFO] [stdout]     |
[INFO] [stdout] 450 | pub fn split_strategy_data(motherlode_min: u64, motherlode_max: u64) -> [u8; 64] {
[INFO] [stdout]     |        ^^^^^^^^^^^^^^^^^^^
[INFO] [stdout] 
[INFO] [stdout] 
[INFO] [stdout] warning: function `dsp_strategy_data` is never used
[INFO] [stdout]    --> program/tests/strat_common/mod.rs:457:8
[INFO] [stdout]     |
[INFO] [stdout] 457 | pub fn dsp_strategy_data(
[INFO] [stdout]     |        ^^^^^^^^^^^^^^^^^
[INFO] [stdout] 
[INFO] [stdout] 
[INFO] [stdout] warning: function `dynev_strategy_data` is never used
[INFO] [stdout]    --> program/tests/strat_common/mod.rs:471:8
[INFO] [stdout]     |
[INFO] [stdout] 471 | pub fn dynev_strategy_data(
[INFO] [stdout]     |        ^^^^^^^^^^^^^^^^^^^
[INFO] [stdout] 
[INFO] [stdout] 
[INFO] [stdout] warning: unused variable: `mma_pda`
[INFO] [stdout]   --> program/tests/strat_recycle_sol.rs:81:50
[INFO] [stdout]    |
[INFO] [stdout] 81 |     let (mut context, deploy_authority, manager, mma_pda) = setup_recycle_test(500_000_000).await; // 0.5 SOL claimable
[INFO] [stdout]    |                                                  ^^^^^^^ help: if this is intentional, prefix it with an underscore: `_mma_pda`
[INFO] [stdout]    |
[INFO] [stdout]    = note: `#[warn(unused_variables)]` (part of `#[warn(unused)]`) on by default
[INFO] [stdout] 
[INFO] [stdout] 
[INFO] [stdout] warning: function `add_strat_deployer_account` is never used
[INFO] [stdout]   --> program/tests/strat_common/mod.rs:85:8
[INFO] [stdout]    |
[INFO] [stdout] 85 | pub fn add_strat_deployer_account(
[INFO] [stdout]    |        ^^^^^^^^^^^^^^^^^^^^^^^^^^
[INFO] [stdout]    |
[INFO] [stdout]    = note: `#[warn(dead_code)]` (part of `#[warn(unused)]`) on by default
[INFO] [stdout] 
[INFO] [stdout] 
[INFO] [stdout] warning: function `fund_account` is never used
[INFO] [stdout]    --> program/tests/strat_common/mod.rs:128:8
[INFO] [stdout]     |
[INFO] [stdout] 128 | pub fn fund_account(program_test: &mut ProgramTest, pubkey: Pubkey, lamports: u64) {
[INFO] [stdout]     |        ^^^^^^^^^^^^
[INFO] [stdout] 
[INFO] [stdout] 
[INFO] [stdout] warning: function `add_round_account` is never used
[INFO] [stdout]    --> program/tests/strat_common/mod.rs:195:8
[INFO] [stdout]     |
[INFO] [stdout] 195 | pub fn add_round_account(
[INFO] [stdout]     |        ^^^^^^^^^^^^^^^^^
[INFO] [stdout] 
[INFO] [stdout] 
[INFO] [stdout] warning: function `add_entropy_var_account` is never used
[INFO] [stdout]    --> program/tests/strat_common/mod.rs:279:8
[INFO] [stdout]     |
[INFO] [stdout] 279 | pub fn add_entropy_var_account(program_test: &mut ProgramTest, board_address: Pubkey, end_at: u64) {
[INFO] [stdout]     |        ^^^^^^^^^^^^^^^^^^^^^^^
[INFO] [stdout] 
[INFO] [stdout] 
[INFO] [stdout] warning: function `add_treasury_account` is never used
[INFO] [stdout]    --> program/tests/strat_common/mod.rs:311:8
[INFO] [stdout]     |
[INFO] [stdout] 311 | pub fn add_treasury_account(program_test: &mut ProgramTest) {
[INFO] [stdout]     |        ^^^^^^^^^^^^^^^^^^^^
[INFO] [stdout] 
[INFO] [stdout] 
[INFO] [stdout] warning: function `add_mint_account` is never used
[INFO] [stdout]    --> program/tests/strat_common/mod.rs:325:8
[INFO] [stdout]     |
[INFO] [stdout] 325 | pub fn add_mint_account(program_test: &mut ProgramTest) {
[INFO] [stdout]     |        ^^^^^^^^^^^^^^^^
[INFO] [stdout] 
[INFO] [stdout] 
[INFO] [stdout] warning: function `add_treasury_ata_account` is never used
[INFO] [stdout]    --> program/tests/strat_common/mod.rs:339:8
[INFO] [stdout]     |
[INFO] [stdout] 339 | pub fn add_treasury_ata_account(program_test: &mut ProgramTest) {
[INFO] [stdout]     |        ^^^^^^^^^^^^^^^^^^^^^^^^
[INFO] [stdout] 
[INFO] [stdout] 
[INFO] [stdout] warning: function `add_config_account` is never used
[INFO] [stdout]    --> program/tests/strat_common/mod.rs:356:8
[INFO] [stdout]     |
[INFO] [stdout] 356 | pub fn add_config_account(program_test: &mut ProgramTest) {
[INFO] [stdout]     |        ^^^^^^^^^^^^^^^^^^
[INFO] [stdout] 
[INFO] [stdout] 
[INFO] [stdout] warning: function `setup_strat_deploy_test_accounts` is never used
[INFO] [stdout]    --> program/tests/strat_common/mod.rs:374:8
[INFO] [stdout]     |
[INFO] [stdout] 374 | pub fn setup_strat_deploy_test_accounts(
[INFO] [stdout]     |        ^^^^^^^^^^^^^^^^^^^^^^^^^^^^^^^^
[INFO] [stdout] 
[INFO] [stdout] 
[INFO] [stdout] warning: function `ev_strategy_data` is never used
[INFO] [stdout]    --> program/tests/strat_common/mod.rs:418:8
[INFO] [stdout]     |
[INFO] [stdout] 418 | pub fn ev_strategy_data(
[INFO] [stdout]     |        ^^^^^^^^^^^^^^^^
[INFO] [stdout] 
[INFO] [stdout] 
[INFO] [stdout] warning: function `percentage_strategy_data` is never used
[INFO] [stdout]    --> program/tests/strat_common/mod.rs:432:8
[INFO] [stdout]     |
[INFO] [stdout] 432 | pub fn percentage_strategy_data(
[INFO] [stdout]     |        ^^^^^^^^^^^^^^^^^^^^^^^^
[INFO] [stdout] 
[INFO] [stdout] 
[INFO] [stdout] warning: function `split_strategy_data` is never used
[INFO] [stdout]    --> program/tests/strat_common/mod.rs:450:8
[INFO] [stdout]     |
[INFO] [stdout] 450 | pub fn split_strategy_data(motherlode_min: u64, motherlode_max: u64) -> [u8; 64] {
[INFO] [stdout]     |        ^^^^^^^^^^^^^^^^^^^
[INFO] [stdout] 
[INFO] [stdout] 
[INFO] [stdout] warning: function `dsp_strategy_data` is never used
[INFO] [stdout]    --> program/tests/strat_common/mod.rs:457:8
[INFO] [stdout]     |
[INFO] [stdout] 457 | pub fn dsp_strategy_data(
[INFO] [stdout]     |        ^^^^^^^^^^^^^^^^^
[INFO] [stdout] 
[INFO] [stdout] 
[INFO] [stdout] warning: function `dynev_strategy_data` is never used
[INFO] [stdout]    --> program/tests/strat_common/mod.rs:471:8
[INFO] [stdout]     |
[INFO] [stdout] 471 | pub fn dynev_strategy_data(
[INFO] [stdout]     |        ^^^^^^^^^^^^^^^^^^^
[INFO] [stdout] 
[INFO] [stdout] 
[INFO] [stdout] warning: function `get_strat_deployer_state` is never used
[INFO] [stdout]    --> program/tests/strat_common/mod.rs:489:14
[INFO] [stdout]     |
[INFO] [stdout] 489 | pub async fn get_strat_deployer_state(
[INFO] [stdout]     |              ^^^^^^^^^^^^^^^^^^^^^^^^
[INFO] [stdout] 
[INFO] [stdout] 
[INFO] [stdout] warning: constant `TEST_ROUND_ID` is never used
[INFO] [stdout]   --> program/tests/strat_common/mod.rs:20:11
[INFO] [stdout]    |
[INFO] [stdout] 20 | pub const TEST_ROUND_ID: u64 = 70149;
[INFO] [stdout]    |           ^^^^^^^^^^^^^
[INFO] [stdout]    |
[INFO] [stdout]    = note: `#[warn(dead_code)]` (part of `#[warn(unused)]`) on by default
[INFO] [stdout] 
[INFO] [stdout] 
[INFO] [stdout] warning: function `add_strat_deployer_account` is never used
[INFO] [stdout]   --> program/tests/strat_common/mod.rs:85:8
[INFO] [stdout]    |
[INFO] [stdout] 85 | pub fn add_strat_deployer_account(
[INFO] [stdout]    |        ^^^^^^^^^^^^^^^^^^^^^^^^^^
[INFO] [stdout] 
[INFO] [stdout] 
[INFO] [stdout] warning: function `fund_account` is never used
[INFO] [stdout]    --> program/tests/strat_common/mod.rs:128:8
[INFO] [stdout]     |
[INFO] [stdout] 128 | pub fn fund_account(program_test: &mut ProgramTest, pubkey: Pubkey, lamports: u64) {
[INFO] [stdout]     |        ^^^^^^^^^^^^
[INFO] [stdout] 
[INFO] [stdout] 
[INFO] [stdout] warning: function `add_ore_miner_account` is never used
[INFO] [stdout]    --> program/tests/strat_common/mod.rs:235:8
[INFO] [stdout]     |
[INFO] [stdout] 235 | pub fn add_ore_miner_account(
[INFO] [stdout]     |        ^^^^^^^^^^^^^^^^^^^^^
[INFO] [stdout] 
[INFO] [stdout] 
[INFO] [stdout] warning: function `ev_strategy_data` is never used
[INFO] [stdout]    --> program/tests/strat_common/mod.rs:418:8
[INFO] [stdout]     |
[INFO] [stdout] 418 | pub fn ev_strategy_data(
[INFO] [stdout]     |        ^^^^^^^^^^^^^^^^
[INFO] [stdout] 
[INFO] [stdout] 
[INFO] [stdout] warning: function `percentage_strategy_data` is never used
[INFO] [stdout]    --> program/tests/strat_common/mod.rs:432:8
[INFO] [stdout]     |
[INFO] [stdout] 432 | pub fn percentage_strategy_data(
[INFO] [stdout]     |        ^^^^^^^^^^^^^^^^^^^^^^^^
[INFO] [stdout] 
[INFO] [stdout] 
[INFO] [stdout] warning: function `manual_strategy_data` is never used
[INFO] [stdout]    --> program/tests/strat_common/mod.rs:446:8
[INFO] [stdout]     |
[INFO] [stdout] 446 | pub fn manual_strategy_data() -> [u8; 64] {
[INFO] [stdout]     |        ^^^^^^^^^^^^^^^^^^^^
[INFO] [stdout] 
[INFO] [stdout] 
[INFO] [stdout] warning: function `split_strategy_data` is never used
[INFO] [stdout]    --> program/tests/strat_common/mod.rs:450:8
[INFO] [stdout]     |
[INFO] [stdout] 450 | pub fn split_strategy_data(motherlode_min: u64, motherlode_max: u64) -> [u8; 64] {
[INFO] [stdout]     |        ^^^^^^^^^^^^^^^^^^^
[INFO] [stdout] 
[INFO] [stdout] 
[INFO] [stdout] warning: function `dsp_strategy_data` is never used
[INFO] [stdout]    --> program/tests/strat_common/mod.rs:457:8
[INFO] [stdout]     |
[INFO] [stdout] 457 | pub fn dsp_strategy_data(
[INFO] [stdout]     |        ^^^^^^^^^^^^^^^^^
[INFO] [stdout] 
[INFO] [stdout] 
[INFO] [stdout] warning: function `get_strat_deployer_state` is never used
[INFO] [stdout]    --> program/tests/strat_common/mod.rs:489:14
[INFO] [stdout]     |
[INFO] [stdout] 489 | pub async fn get_strat_deployer_state(
[INFO] [stdout]     |              ^^^^^^^^^^^^^^^^^^^^^^^^
[INFO] [stdout] 
[INFO] [stdout] 
[INFO] [stdout] warning: unused imports: `consts::FEE_COLLECTOR`, `managed_miner_auth_pda`, and `strategy_deployer_pda`
[INFO] [stdout]  --> program/tests/strat_common/mod.rs:2:5
[INFO] [stdout]   |
[INFO] [stdout] 2 |     consts::FEE_COLLECTOR,
[INFO] [stdout]   |     ^^^^^^^^^^^^^^^^^^^^^
[INFO] [stdout] ...
[INFO] [stdout] 9 |         managed_miner_auth_pda, strategy_deployer_pda, EvoreAccount, Manager, StrategyDeployer,
[INFO] [stdout]   |         ^^^^^^^^^^^^^^^^^^^^^^  ^^^^^^^^^^^^^^^^^^^^^
[INFO] [stdout]   |
[INFO] [stdout]   = note: `#[warn(unused_imports)]` (part of `#[warn(unused)]`) on by default
[INFO] [stdout] 
[INFO] [stdout] 
[INFO] [stdout] warning: unused import: `evore::ore_api::miner_pda`
[INFO] [stdout]  --> program/tests/strat_autodeploy_manual.rs:7:5
[INFO] [stdout]   |
[INFO] [stdout] 7 | use evore::ore_api::miner_pda;
[INFO] [stdout]   |     ^^^^^^^^^^^^^^^^^^^^^^^^^
[INFO] [stdout] 
[INFO] [stdout] 
[INFO] [stdout] warning: unused import: `strategy_deployer_pda`
[INFO] [stdout]  --> program/tests/strat_autodeploy_manual.rs:8:44
[INFO] [stdout]   |
[INFO] [stdout] 8 | use evore::state::{managed_miner_auth_pda, strategy_deployer_pda};
[INFO] [stdout]   |                                            ^^^^^^^^^^^^^^^^^^^^^
[INFO] [stdout] 
[INFO] [stdout] 
[INFO] [stdout] warning: unused variable: `transfer_to_miner`
[INFO] [stdout]    --> crank/src/crank.rs:378:13
[INFO] [stdout]     |
[INFO] [stdout] 378 |         let transfer_to_miner = required_miner_balance.saturating_sub(current_auth_balance);
[INFO] [stdout]     |             ^^^^^^^^^^^^^^^^^ help: if this is intentional, prefix it with an underscore: `_transfer_to_miner`
[INFO] [stdout]     |
[INFO] [stdout]     = note: `#[warn(unused_variables)]` (part of `#[warn(unused)]`) on by default
[INFO] [stdout] 
[INFO] [stdout] 
[INFO] [stdout] warning: unused variable: `signature`
[INFO] [stdout]    --> crank/src/crank.rs:522:13
[INFO] [stdout]     |
[INFO] [stdout] 522 |         let signature = tx.signatures[0].to_string();
[INFO] [stdout]     |             ^^^^^^^^^ help: if this is intentional, prefix it with an underscore: `_signature`
[INFO] [stdout] 
[INFO] [stdout] 
[INFO] [stdout] warning: unused variable: `mma_pda`
[INFO] [stdout]   --> program/tests/strat_autodeploy_manual.rs:94:50
[INFO] [stdout]    |
[INFO] [stdout] 94 |     let (mut context, deploy_authority, manager, mma_pda, auth_id) =
[INFO] [stdout]    |                                                  ^^^^^^^ help: if this is intentional, prefix it with an underscore: `_mma_pda`
[INFO] [stdout]    |
[INFO] [stdout]    = note: `#[warn(unused_variables)]` (part of `#[warn(unused)]`) on by default
[INFO] [stdout] 
[INFO] [stdout] 
[INFO] [stdout] warning: unused variable: `mma_pda`
[INFO] [stdout]    --> program/tests/strat_autodeploy_manual.rs:121:50
[INFO] [stdout]     |
[INFO] [stdout] 121 |     let (mut context, deploy_authority, manager, mma_pda, auth_id) =
[INFO] [stdout]     |                                                  ^^^^^^^ help: if this is intentional, prefix it with an underscore: `_mma_pda`
[INFO] [stdout] 
[INFO] [stdout] 
[INFO] [stdout] warning: unused variable: `mma_pda`
[INFO] [stdout]    --> program/tests/strat_autodeploy_manual.rs:152:50
[INFO] [stdout]     |
[INFO] [stdout] 152 |     let (mut context, deploy_authority, manager, mma_pda, auth_id) =
[INFO] [stdout]     |                                                  ^^^^^^^ help: if this is intentional, prefix it with an underscore: `_mma_pda`
[INFO] [stdout] 
[INFO] [stdout] 
[INFO] [stdout] warning: unused variable: `mma_pda`
[INFO] [stdout]    --> program/tests/strat_autodeploy_manual.rs:200:50
[INFO] [stdout]     |
[INFO] [stdout] 200 |     let (mut context, deploy_authority, manager, mma_pda, auth_id) =
[INFO] [stdout]     |                                                  ^^^^^^^ help: if this is intentional, prefix it with an underscore: `_mma_pda`
[INFO] [stdout] 
[INFO] [stdout] 
[INFO] [stdout] warning: unused variable: `mma_pda`
[INFO] [stdout]    --> program/tests/strat_autodeploy_manual.rs:223:50
[INFO] [stdout]     |
[INFO] [stdout] 223 |     let (mut context, deploy_authority, manager, mma_pda, auth_id) =
[INFO] [stdout]     |                                                  ^^^^^^^ help: if this is intentional, prefix it with an underscore: `_mma_pda`
[INFO] [stdout] 
[INFO] [stdout] 
[INFO] [stdout] warning: constant `TEST_ROUND_ID` is never used
[INFO] [stdout]   --> program/tests/strat_common/mod.rs:20:11
[INFO] [stdout]    |
[INFO] [stdout] 20 | pub const TEST_ROUND_ID: u64 = 70149;
[INFO] [stdout]    |           ^^^^^^^^^^^^^
[INFO] [stdout]    |
[INFO] [stdout]    = note: `#[warn(dead_code)]` (part of `#[warn(unused)]`) on by default
[INFO] [stdout] 
[INFO] [stdout] 
[INFO] [stdout] warning: function `add_strat_deployer_account` is never used
[INFO] [stdout]   --> program/tests/strat_common/mod.rs:85:8
[INFO] [stdout]    |
[INFO] [stdout] 85 | pub fn add_strat_deployer_account(
[INFO] [stdout]    |        ^^^^^^^^^^^^^^^^^^^^^^^^^^
[INFO] [stdout] 
[INFO] [stdout] 
[INFO] [stdout] warning: function `fund_account` is never used
[INFO] [stdout]    --> program/tests/strat_common/mod.rs:128:8
[INFO] [stdout]     |
[INFO] [stdout] 128 | pub fn fund_account(program_test: &mut ProgramTest, pubkey: Pubkey, lamports: u64) {
[INFO] [stdout]     |        ^^^^^^^^^^^^
[INFO] [stdout] 
[INFO] [stdout] 
[INFO] [stdout] warning: function `add_ore_miner_account` is never used
[INFO] [stdout]    --> program/tests/strat_common/mod.rs:235:8
[INFO] [stdout]     |
[INFO] [stdout] 235 | pub fn add_ore_miner_account(
[INFO] [stdout]     |        ^^^^^^^^^^^^^^^^^^^^^
[INFO] [stdout] 
[INFO] [stdout] 
[INFO] [stdout] warning: function `ev_strategy_data` is never used
[INFO] [stdout]    --> program/tests/strat_common/mod.rs:418:8
[INFO] [stdout]     |
[INFO] [stdout] 418 | pub fn ev_strategy_data(
[INFO] [stdout]     |        ^^^^^^^^^^^^^^^^
[INFO] [stdout] 
[INFO] [stdout] 
[INFO] [stdout] warning: function `percentage_strategy_data` is never used
[INFO] [stdout]    --> program/tests/strat_common/mod.rs:432:8
[INFO] [stdout]     |
[INFO] [stdout] 432 | pub fn percentage_strategy_data(
[INFO] [stdout]     |        ^^^^^^^^^^^^^^^^^^^^^^^^
[INFO] [stdout] 
[INFO] [stdout] 
[INFO] [stdout] warning: function `split_strategy_data` is never used
[INFO] [stdout]    --> program/tests/strat_common/mod.rs:450:8
[INFO] [stdout]     |
[INFO] [stdout] 450 | pub fn split_strategy_data(motherlode_min: u64, motherlode_max: u64) -> [u8; 64] {
[INFO] [stdout]     |        ^^^^^^^^^^^^^^^^^^^
[INFO] [stdout] 
[INFO] [stdout] 
[INFO] [stdout] warning: function `dsp_strategy_data` is never used
[INFO] [stdout]    --> program/tests/strat_common/mod.rs:457:8
[INFO] [stdout]     |
[INFO] [stdout] 457 | pub fn dsp_strategy_data(
[INFO] [stdout]     |        ^^^^^^^^^^^^^^^^^
[INFO] [stdout] 
[INFO] [stdout] 
[INFO] [stdout] warning: function `dynev_strategy_data` is never used
[INFO] [stdout]    --> program/tests/strat_common/mod.rs:471:8
[INFO] [stdout]     |
[INFO] [stdout] 471 | pub fn dynev_strategy_data(
[INFO] [stdout]     |        ^^^^^^^^^^^^^^^^^^^
[INFO] [stdout] 
[INFO] [stdout] 
[INFO] [stdout] warning: function `get_strat_deployer_state` is never used
[INFO] [stdout]    --> program/tests/strat_common/mod.rs:489:14
[INFO] [stdout]     |
[INFO] [stdout] 489 | pub async fn get_strat_deployer_state(
[INFO] [stdout]     |              ^^^^^^^^^^^^^^^^^^^^^^^^
[INFO] [stdout] 
[INFO] [stdout] 
[INFO] [stdout] warning: unused variable: `transfer_to_miner`
[INFO] [stdout]    --> crank/src/crank.rs:378:13
[INFO] [stdout]     |
[INFO] [stdout] 378 |         let transfer_to_miner = required_miner_balance.saturating_sub(current_auth_balance);
[INFO] [stdout]     |             ^^^^^^^^^^^^^^^^^ help: if this is intentional, prefix it with an underscore: `_transfer_to_miner`
[INFO] [stdout]     |
[INFO] [stdout]     = note: `#[warn(unused_variables)]` (part of `#[warn(unused)]`) on by default
[INFO] [stdout] 
[INFO] [stdout] 
[INFO] [stdout] warning: unused variable: `signature`
[INFO] [stdout]    --> crank/src/crank.rs:522:13
[INFO] [stdout]     |
[INFO] [stdout] 522 |         let signature = tx.signatures[0].to_string();
[INFO] [stdout]     |             ^^^^^^^^^ help: if this is intentional, prefix it with an underscore: `_signature`
[INFO] [stdout] 
[INFO] [stdout] 
[INFO] [stdout] warning: variable `timeout_count` is assigned to, but never used
[INFO] [stdout]   --> crank/src/pipeline/confirmation.rs:50:9
[INFO] [stdout]    |
[INFO] [stdout] 50 |     let mut timeout_count = 0u64;
[INFO] [stdout]    |         ^^^^^^^^^^^^^^^^^
[INFO] [stdout]    |
[INFO] [stdout]    = note: consider using `_timeout_count` instead
[INFO] [stdout] 
[INFO] [stdout] 
[INFO] [stdout] warning: value assigned to `timeout_count` is never read
[INFO] [stdout]   --> crank/src/pipeline/confirmation.rs:86:25
[INFO] [stdout]    |
[INFO] [stdout] 86 |                         timeout_count += 1;
[INFO] [stdout]    |                         ^^^^^^^^^^^^^^^^^^
[INFO] [stdout]    |
[INFO] [stdout]    = help: maybe it is overwritten before being read?
[INFO] [stdout]    = note: `#[warn(unused_assignments)]` (part of `#[warn(unused)]`) on by default
[INFO] [stdout] 
[INFO] [stdout] 
[INFO] [stdout] warning: variable `timeout_count` is assigned to, but never used
[INFO] [stdout]   --> crank/src/pipeline/confirmation.rs:50:9
[INFO] [stdout]    |
[INFO] [stdout] 50 |     let mut timeout_count = 0u64;
[INFO] [stdout]    |         ^^^^^^^^^^^^^^^^^
[INFO] [stdout]    |
[INFO] [stdout]    = note: consider using `_timeout_count` instead
[INFO] [stdout] 
[INFO] [stdout] 
[INFO] [stdout] warning: value assigned to `timeout_count` is never read
[INFO] [stdout]   --> crank/src/pipeline/confirmation.rs:86:25
[INFO] [stdout]    |
[INFO] [stdout] 86 |                         timeout_count += 1;
[INFO] [stdout]    |                         ^^^^^^^^^^^^^^^^^^
[INFO] [stdout]    |
[INFO] [stdout]    = help: maybe it is overwritten before being read?
[INFO] [stdout]    = note: `#[warn(unused_assignments)]` (part of `#[warn(unused)]`) on by default
[INFO] [stdout] 
[INFO] [stdout] 
[INFO] [stdout] warning: unused variable: `shared`
[INFO] [stdout]   --> crank/src/pipeline/tx_processor.rs:18:5
[INFO] [stdout]    |
[INFO] [stdout] 18 |     shared: Arc<SharedState>,
[INFO] [stdout]    |     ^^^^^^ help: if this is intentional, prefix it with an underscore: `_shared`
[INFO] [stdout] 
[INFO] [stdout] 
[INFO] [stdout] warning: unused variable: `deploy_authority`
[INFO] [stdout]   --> crank/src/pipeline/tx_processor.rs:21:5
[INFO] [stdout]    |
[INFO] [stdout] 21 |     deploy_authority: Arc<Keypair>,
[INFO] [stdout]    |     ^^^^^^^^^^^^^^^^ help: if this is intentional, prefix it with an underscore: `_deploy_authority`
[INFO] [stdout] 
[INFO] [stdout] 
[INFO] [stdout] warning: unused variable: `handles`
[INFO] [stdout]   --> crank/src/pipeline/mod.rs:93:9
[INFO] [stdout]    |
[INFO] [stdout] 93 |     let handles = vec![
[INFO] [stdout]    |         ^^^^^^^ help: if this is intentional, prefix it with an underscore: `_handles`
[INFO] [stdout] 
[INFO] [stdout] 
[INFO] [stdout] warning: unused variable: `shared`
[INFO] [stdout]   --> crank/src/pipeline/tx_processor.rs:18:5
[INFO] [stdout]    |
[INFO] [stdout] 18 |     shared: Arc<SharedState>,
[INFO] [stdout]    |     ^^^^^^ help: if this is intentional, prefix it with an underscore: `_shared`
[INFO] [stdout] 
[INFO] [stdout] 
[INFO] [stdout] warning: unused variable: `deploy_authority`
[INFO] [stdout]   --> crank/src/pipeline/tx_processor.rs:21:5
[INFO] [stdout]    |
[INFO] [stdout] 21 |     deploy_authority: Arc<Keypair>,
[INFO] [stdout]    |     ^^^^^^^^^^^^^^^^ help: if this is intentional, prefix it with an underscore: `_deploy_authority`
[INFO] [stdout] 
[INFO] [stdout] 
[INFO] [stdout] warning: unused variable: `handles`
[INFO] [stdout]   --> crank/src/pipeline/mod.rs:93:9
[INFO] [stdout]    |
[INFO] [stdout] 93 |     let handles = vec![
[INFO] [stdout]    |         ^^^^^^^ help: if this is intentional, prefix it with an underscore: `_handles`
[INFO] [stdout] 
[INFO] [stdout] 
[INFO] [stdout] For more information about this error, try `rustc --explain E0308`.
[INFO] [stdout] 
[INFO] [stderr] error: could not compile `evore-crank` (bin "evore-crank" test) due to 3 previous errors; 23 warnings emitted
[INFO] [stderr] warning: build failed, waiting for other jobs to finish...
[INFO] [stdout] For more information about this error, try `rustc --explain E0308`.
[INFO] [stdout] 
[INFO] [stderr] error: could not compile `evore-crank` (bin "evore-crank") due to 3 previous errors; 23 warnings emitted
[INFO] running `Command { std: "docker" "inspect" "35e6fbaeed2af703e88136f8bac0e76e3fcfd1a99334c705328623b707ddb5a1", kill_on_drop: false }`
[INFO] running `Command { std: "docker" "rm" "-f" "35e6fbaeed2af703e88136f8bac0e76e3fcfd1a99334c705328623b707ddb5a1", kill_on_drop: false }`
[INFO] [stdout] 35e6fbaeed2af703e88136f8bac0e76e3fcfd1a99334c705328623b707ddb5a1
